{"id":10415,"date":"2024-02-28T01:02:35","date_gmt":"2024-02-28T00:02:35","guid":{"rendered":"https:\/\/www.starcatering.at\/shop\/?post_type=product&#038;p=10415"},"modified":"2025-01-30T22:32:20","modified_gmt":"2025-01-30T21:32:20","slug":"espresso-klopfbehaelter-gn-1-6-neuware","status":"publish","type":"product","link":"https:\/\/www.starcatering.at\/shop\/produkt\/espresso-klopfbehaelter-gn-1-6-neuware\/","title":{"rendered":"Espresso Klopfbeh\u00e4lter GN 1\/6 (NEUWARE)"},"content":{"rendered":"<p>Der Espresso Klopfbeh\u00e4lter ist unverzichtbares Equipment in Caf\u00e9s, Coffee Shops, Bars und Restaurants, die Ihre G\u00e4ste mit frischen Kaffeegen\u00fcssen aus Siebtr\u00e4germaschinen verw\u00f6hnen. Der Beh\u00e4lter erm\u00f6glicht ein schnelles wie vollst\u00e4ndiges Entleeren des Siebtr\u00e4gers nach der Zubereitung von Espresso, Americano oder Cappuccino und anderen hei\u00dfen Spezialit\u00e4ten.<\/p>\n<p>Gefertigt aus hochwertigem Edelstahl ist dieser Klopfbeh\u00e4lter besonders f\u00fcr den Einsatz im Lebensmittelbereich geeignet. Das Material ist nicht nur besonders robust und resistent gegen Korrosion, sondern aufgrund der glatten Oberfl\u00e4che leicht zu reinigen. Entsorgen Sie verbrauchtes Espressomehl ganz einfach mit dieser tiefen Knock Box aus dem Gastronomiebedarf von Royal Catering!<\/p>\n","protected":false},"excerpt":{"rendered":"<ul>\n<li>Espresso Abklopfbeh\u00e4lter<\/li>\n<li>GN 1\/6<\/li>\n<li>Edelstahl<\/li>\n<li>2,2 lt. Fassungsverm\u00f6gen<\/li>\n<li>Marke: Royal Catering<\/li>\n<\/ul>\n","protected":false},"featured_media":10417,"comment_status":"open","ping_status":"closed","template":"","meta":{"_et_pb_use_builder":"","_et_pb_old_content":"","_et_gb_content_width":""},"product_brand":[],"product_cat":[1025,591],"product_tag":[2014,370,697,412,648,2013],"class_list":{"0":"post-10415","1":"product","2":"type-product","3":"status-publish","4":"has-post-thumbnail","6":"product_cat-bar","7":"product_cat-kochgeschirrgn","8":"product_tag-abkopfbehaelter","9":"product_tag-edelstahl","10":"product_tag-espresso","11":"product_tag-gn","12":"product_tag-kaffee","13":"product_tag-sud","15":"first","16":"instock","17":"sale","18":"taxable","19":"shipping-taxable","20":"purchasable","21":"product-type-simple"},"yoast_head":"<!-- This site is optimized with the Yoast SEO plugin v27.5 - https:\/\/yoast.com\/product\/yoast-seo-wordpress\/ -->\n<title>Espresso Klopfbeh\u00e4lter GN 1\/6 (NEUWARE) &#187; StarCatering %-Shop<\/title>\n<meta name=\"description\" content=\"Espresso Klopfbeh\u00e4lter GN 1\/6 (NEUWARE)\" \/>\n<meta name=\"robots\" content=\"index, follow, max-snippet:-1, max-image-preview:large, max-video-preview:-1\" \/>\n<link rel=\"canonical\" href=\"https:\/\/www.starcatering.at\/shop\/produkt\/espresso-klopfbehaelter-gn-1-6-neuware\/\" \/>\n<meta property=\"og:locale\" content=\"de_DE\" \/>\n<meta property=\"og:type\" content=\"article\" \/>\n<meta property=\"og:title\" content=\"Espresso Klopfbeh\u00e4lter GN 1\/6 (NEUWARE)\" \/>\n<meta property=\"og:description\" content=\"Espresso Klopfbeh\u00e4lter GN 1\/6 (NEUWARE)\" \/>\n<meta property=\"og:url\" content=\"https:\/\/www.starcatering.at\/shop\/produkt\/espresso-klopfbehaelter-gn-1-6-neuware\/\" \/>\n<meta property=\"og:site_name\" content=\"StarCatering %-Shop\" \/>\n<meta property=\"article:modified_time\" content=\"2025-01-30T21:32:20+00:00\" \/>\n<meta property=\"og:image\" content=\"https:\/\/www.starcatering.at\/shop\/wp-content\/uploads\/2024\/02\/Kaffee-Abklopf_01.jpg\" \/>\n\t<meta property=\"og:image:width\" content=\"500\" \/>\n\t<meta property=\"og:image:height\" content=\"500\" \/>\n\t<meta property=\"og:image:type\" content=\"image\/jpeg\" \/>\n<meta name=\"twitter:card\" content=\"summary_large_image\" \/>\n<meta name=\"twitter:label1\" content=\"Gesch\u00e4tzte Lesezeit\" \/>\n\t<meta name=\"twitter:data1\" content=\"1\u00a0Minute\" \/>\n<script type=\"application\/ld+json\" class=\"yoast-schema-graph\">{\"@context\":\"https:\\\/\\\/schema.org\",\"@graph\":[{\"@type\":\"WebPage\",\"@id\":\"https:\\\/\\\/www.starcatering.at\\\/shop\\\/produkt\\\/espresso-klopfbehaelter-gn-1-6-neuware\\\/\",\"url\":\"https:\\\/\\\/www.starcatering.at\\\/shop\\\/produkt\\\/espresso-klopfbehaelter-gn-1-6-neuware\\\/\",\"name\":\"Espresso Klopfbeh\u00e4lter GN 1\\\/6 (NEUWARE) &#187; StarCatering %-Shop\",\"isPartOf\":{\"@id\":\"https:\\\/\\\/www.starcatering.at\\\/shop\\\/#website\"},\"primaryImageOfPage\":{\"@id\":\"https:\\\/\\\/www.starcatering.at\\\/shop\\\/produkt\\\/espresso-klopfbehaelter-gn-1-6-neuware\\\/#primaryimage\"},\"image\":{\"@id\":\"https:\\\/\\\/www.starcatering.at\\\/shop\\\/produkt\\\/espresso-klopfbehaelter-gn-1-6-neuware\\\/#primaryimage\"},\"thumbnailUrl\":\"https:\\\/\\\/www.starcatering.at\\\/shop\\\/wp-content\\\/uploads\\\/2024\\\/02\\\/Kaffee-Abklopf_01.jpg\",\"datePublished\":\"2024-02-28T00:02:35+00:00\",\"dateModified\":\"2025-01-30T21:32:20+00:00\",\"description\":\"Espresso Klopfbeh\u00e4lter GN 1\\\/6 (NEUWARE)\",\"breadcrumb\":{\"@id\":\"https:\\\/\\\/www.starcatering.at\\\/shop\\\/produkt\\\/espresso-klopfbehaelter-gn-1-6-neuware\\\/#breadcrumb\"},\"inLanguage\":\"de\",\"potentialAction\":[{\"@type\":\"ReadAction\",\"target\":[\"https:\\\/\\\/www.starcatering.at\\\/shop\\\/produkt\\\/espresso-klopfbehaelter-gn-1-6-neuware\\\/\"]}]},{\"@type\":\"ImageObject\",\"inLanguage\":\"de\",\"@id\":\"https:\\\/\\\/www.starcatering.at\\\/shop\\\/produkt\\\/espresso-klopfbehaelter-gn-1-6-neuware\\\/#primaryimage\",\"url\":\"https:\\\/\\\/www.starcatering.at\\\/shop\\\/wp-content\\\/uploads\\\/2024\\\/02\\\/Kaffee-Abklopf_01.jpg\",\"contentUrl\":\"https:\\\/\\\/www.starcatering.at\\\/shop\\\/wp-content\\\/uploads\\\/2024\\\/02\\\/Kaffee-Abklopf_01.jpg\",\"width\":500,\"height\":500},{\"@type\":\"BreadcrumbList\",\"@id\":\"https:\\\/\\\/www.starcatering.at\\\/shop\\\/produkt\\\/espresso-klopfbehaelter-gn-1-6-neuware\\\/#breadcrumb\",\"itemListElement\":[{\"@type\":\"ListItem\",\"position\":1,\"name\":\"Startseite\",\"item\":\"https:\\\/\\\/www.starcatering.at\\\/shop\\\/\"},{\"@type\":\"ListItem\",\"position\":2,\"name\":\"Shop\",\"item\":\"https:\\\/\\\/www.starcatering.at\\\/shop\\\/shop\\\/\"},{\"@type\":\"ListItem\",\"position\":3,\"name\":\"Espresso Klopfbeh\u00e4lter GN 1\\\/6 (NEUWARE)\"}]},{\"@type\":\"WebSite\",\"@id\":\"https:\\\/\\\/www.starcatering.at\\\/shop\\\/#website\",\"url\":\"https:\\\/\\\/www.starcatering.at\\\/shop\\\/\",\"name\":\"Carnuntum Foods\",\"description\":\"Abverkaufsartikel\",\"publisher\":{\"@id\":\"https:\\\/\\\/www.starcatering.at\\\/shop\\\/#organization\"},\"potentialAction\":[{\"@type\":\"SearchAction\",\"target\":{\"@type\":\"EntryPoint\",\"urlTemplate\":\"https:\\\/\\\/www.starcatering.at\\\/shop\\\/?s={search_term_string}\"},\"query-input\":{\"@type\":\"PropertyValueSpecification\",\"valueRequired\":true,\"valueName\":\"search_term_string\"}}],\"inLanguage\":\"de\"},{\"@type\":\"Organization\",\"@id\":\"https:\\\/\\\/www.starcatering.at\\\/shop\\\/#organization\",\"name\":\"Carnuntumfoods\",\"url\":\"https:\\\/\\\/www.starcatering.at\\\/shop\\\/\",\"logo\":{\"@type\":\"ImageObject\",\"inLanguage\":\"de\",\"@id\":\"https:\\\/\\\/www.starcatering.at\\\/shop\\\/#\\\/schema\\\/logo\\\/image\\\/\",\"url\":\"https:\\\/\\\/www.starcatering.at\\\/shop\\\/wp-content\\\/uploads\\\/2021\\\/08\\\/cropped-logo.png\",\"contentUrl\":\"https:\\\/\\\/www.starcatering.at\\\/shop\\\/wp-content\\\/uploads\\\/2021\\\/08\\\/cropped-logo.png\",\"width\":512,\"height\":512,\"caption\":\"Carnuntumfoods\"},\"image\":{\"@id\":\"https:\\\/\\\/www.starcatering.at\\\/shop\\\/#\\\/schema\\\/logo\\\/image\\\/\"}}]}<\/script>\n<!-- \/ Yoast SEO plugin. -->","yoast_head_json":{"title":"Espresso Klopfbeh\u00e4lter GN 1\/6 (NEUWARE) &#187; StarCatering %-Shop","description":"Espresso Klopfbeh\u00e4lter GN 1\/6 (NEUWARE)","robots":{"index":"index","follow":"follow","max-snippet":"max-snippet:-1","max-image-preview":"max-image-preview:large","max-video-preview":"max-video-preview:-1"},"canonical":"https:\/\/www.starcatering.at\/shop\/produkt\/espresso-klopfbehaelter-gn-1-6-neuware\/","og_locale":"de_DE","og_type":"article","og_title":"Espresso Klopfbeh\u00e4lter GN 1\/6 (NEUWARE)","og_description":"Espresso Klopfbeh\u00e4lter GN 1\/6 (NEUWARE)","og_url":"https:\/\/www.starcatering.at\/shop\/produkt\/espresso-klopfbehaelter-gn-1-6-neuware\/","og_site_name":"StarCatering %-Shop","article_modified_time":"2025-01-30T21:32:20+00:00","og_image":[{"width":500,"height":500,"url":"https:\/\/www.starcatering.at\/shop\/wp-content\/uploads\/2024\/02\/Kaffee-Abklopf_01.jpg","type":"image\/jpeg"}],"twitter_card":"summary_large_image","twitter_misc":{"Gesch\u00e4tzte Lesezeit":"1\u00a0Minute"},"schema":{"@context":"https:\/\/schema.org","@graph":[{"@type":"WebPage","@id":"https:\/\/www.starcatering.at\/shop\/produkt\/espresso-klopfbehaelter-gn-1-6-neuware\/","url":"https:\/\/www.starcatering.at\/shop\/produkt\/espresso-klopfbehaelter-gn-1-6-neuware\/","name":"Espresso Klopfbeh\u00e4lter GN 1\/6 (NEUWARE) &#187; StarCatering %-Shop","isPartOf":{"@id":"https:\/\/www.starcatering.at\/shop\/#website"},"primaryImageOfPage":{"@id":"https:\/\/www.starcatering.at\/shop\/produkt\/espresso-klopfbehaelter-gn-1-6-neuware\/#primaryimage"},"image":{"@id":"https:\/\/www.starcatering.at\/shop\/produkt\/espresso-klopfbehaelter-gn-1-6-neuware\/#primaryimage"},"thumbnailUrl":"https:\/\/www.starcatering.at\/shop\/wp-content\/uploads\/2024\/02\/Kaffee-Abklopf_01.jpg","datePublished":"2024-02-28T00:02:35+00:00","dateModified":"2025-01-30T21:32:20+00:00","description":"Espresso Klopfbeh\u00e4lter GN 1\/6 (NEUWARE)","breadcrumb":{"@id":"https:\/\/www.starcatering.at\/shop\/produkt\/espresso-klopfbehaelter-gn-1-6-neuware\/#breadcrumb"},"inLanguage":"de","potentialAction":[{"@type":"ReadAction","target":["https:\/\/www.starcatering.at\/shop\/produkt\/espresso-klopfbehaelter-gn-1-6-neuware\/"]}]},{"@type":"ImageObject","inLanguage":"de","@id":"https:\/\/www.starcatering.at\/shop\/produkt\/espresso-klopfbehaelter-gn-1-6-neuware\/#primaryimage","url":"https:\/\/www.starcatering.at\/shop\/wp-content\/uploads\/2024\/02\/Kaffee-Abklopf_01.jpg","contentUrl":"https:\/\/www.starcatering.at\/shop\/wp-content\/uploads\/2024\/02\/Kaffee-Abklopf_01.jpg","width":500,"height":500},{"@type":"BreadcrumbList","@id":"https:\/\/www.starcatering.at\/shop\/produkt\/espresso-klopfbehaelter-gn-1-6-neuware\/#breadcrumb","itemListElement":[{"@type":"ListItem","position":1,"name":"Startseite","item":"https:\/\/www.starcatering.at\/shop\/"},{"@type":"ListItem","position":2,"name":"Shop","item":"https:\/\/www.starcatering.at\/shop\/shop\/"},{"@type":"ListItem","position":3,"name":"Espresso Klopfbeh\u00e4lter GN 1\/6 (NEUWARE)"}]},{"@type":"WebSite","@id":"https:\/\/www.starcatering.at\/shop\/#website","url":"https:\/\/www.starcatering.at\/shop\/","name":"Carnuntum Foods","description":"Abverkaufsartikel","publisher":{"@id":"https:\/\/www.starcatering.at\/shop\/#organization"},"potentialAction":[{"@type":"SearchAction","target":{"@type":"EntryPoint","urlTemplate":"https:\/\/www.starcatering.at\/shop\/?s={search_term_string}"},"query-input":{"@type":"PropertyValueSpecification","valueRequired":true,"valueName":"search_term_string"}}],"inLanguage":"de"},{"@type":"Organization","@id":"https:\/\/www.starcatering.at\/shop\/#organization","name":"Carnuntumfoods","url":"https:\/\/www.starcatering.at\/shop\/","logo":{"@type":"ImageObject","inLanguage":"de","@id":"https:\/\/www.starcatering.at\/shop\/#\/schema\/logo\/image\/","url":"https:\/\/www.starcatering.at\/shop\/wp-content\/uploads\/2021\/08\/cropped-logo.png","contentUrl":"https:\/\/www.starcatering.at\/shop\/wp-content\/uploads\/2021\/08\/cropped-logo.png","width":512,"height":512,"caption":"Carnuntumfoods"},"image":{"@id":"https:\/\/www.starcatering.at\/shop\/#\/schema\/logo\/image\/"}}]}},"_links":{"self":[{"href":"https:\/\/www.starcatering.at\/shop\/wp-json\/wp\/v2\/product\/10415","targetHints":{"allow":["GET"]}}],"collection":[{"href":"https:\/\/www.starcatering.at\/shop\/wp-json\/wp\/v2\/product"}],"about":[{"href":"https:\/\/www.starcatering.at\/shop\/wp-json\/wp\/v2\/types\/product"}],"replies":[{"embeddable":true,"href":"https:\/\/www.starcatering.at\/shop\/wp-json\/wp\/v2\/comments?post=10415"}],"wp:featuredmedia":[{"embeddable":true,"href":"https:\/\/www.starcatering.at\/shop\/wp-json\/wp\/v2\/media\/10417"}],"wp:attachment":[{"href":"https:\/\/www.starcatering.at\/shop\/wp-json\/wp\/v2\/media?parent=10415"}],"wp:term":[{"taxonomy":"product_brand","embeddable":true,"href":"https:\/\/www.starcatering.at\/shop\/wp-json\/wp\/v2\/product_brand?post=10415"},{"taxonomy":"product_cat","embeddable":true,"href":"https:\/\/www.starcatering.at\/shop\/wp-json\/wp\/v2\/product_cat?post=10415"},{"taxonomy":"product_tag","embeddable":true,"href":"https:\/\/www.starcatering.at\/shop\/wp-json\/wp\/v2\/product_tag?post=10415"}],"curies":[{"name":"wp","href":"https:\/\/api.w.org\/{rel}","templated":true}]}}