{"id":11415,"date":"2024-11-13T15:02:06","date_gmt":"2024-11-13T14:02:06","guid":{"rendered":"https:\/\/www.starcatering.at\/shop\/?post_type=product&#038;p=11415"},"modified":"2024-12-04T18:41:37","modified_gmt":"2024-12-04T17:41:37","slug":"mini-discokugel-schwarzlicht-mit-fernbedienung-neu","status":"publish","type":"product","link":"https:\/\/www.starcatering.at\/shop\/produkt\/mini-discokugel-schwarzlicht-mit-fernbedienung-neu\/","title":{"rendered":"Mini-Discokugel Schwarzlicht mit Fernbedienung (NEUWARE)"},"content":{"rendered":"<ul class=\"a-unordered-list a-vertical a-spacing-mini\">\n<li class=\"a-spacing-mini\"><span class=\"a-list-item\">3 Tonaktivierte Modi + 7 Beleuchtungsmodi + Blitz + Drehgeschwindigkeitssteuerung + Blitzgeschwindigkeitssteuerung.\u00a0<\/span><\/li>\n<li class=\"a-spacing-mini\"><span class=\"a-list-item\">Erzeugt spezielle Lichteffekte, die fluoreszierende K\u00f6rperfarben und Tinte, Kosmetika, Blasen, Luftballons, Kerzen, St\u00f6cke und Wandaufkleber im Dunkeln leuchten lassen. Das menschliche Auge kann jedoch nur kleine Teile des UV-Schwarzlichts sehen, sodass es bei Beleuchtung etwas schwach erscheint. Wenn Sie den besten fluoreszierenden Effekt erzielen m\u00f6chten, m\u00fcssen Sie m\u00f6glicherweise mehr als einen in einer ausreichend dunklen Umgebung verwenden.<\/span><\/li>\n<li class=\"a-spacing-mini\"><span class=\"a-list-item\">Leistungsstarker sprach aktivierter Sensor. Das Discokugel Schwarzlicht ist perfekt f\u00fcr Geburtstagsfeiern, Tanzpartys, DJs, Bars, Karaoke, Weihnachten, Hochzeiten, Shows, Clubs, Kneipen, Halloween, Hauspartys, Zuhause, Schlafzimmer und alle Arten von kleine nicht professionellen Veranstaltungen.<\/span><\/li>\n<li class=\"a-spacing-mini\"><span class=\"a-list-item\">Wird mit einer Fernbedienung geliefert, mit der Sie die Lichter ein- und ausschalten, den Tonaktivierungs-\/Beleuchtungsmodus \u00e4ndern und die Rotations-\/Blitzgeschwindigkeit steuern k\u00f6nnen. Alle Funktionen auf der Fernbedienung, sehr einfach zu bedienen.<\/span><\/li>\n<li class=\"a-spacing-mini\"><span class=\"a-list-item\">Einfach einstecken und loslegen. Klein und tragbar, aber genug, um einen gro\u00dfartigen B\u00fchnenbeleuchtungsbereich zu schaffen. Mit flexiblem Stativ kann B\u00fchnenlicht direkt auf Tisch oder Schreibtisch gestellt oder an Wand und Dach befestigt werden.<\/span><\/li>\n<\/ul>\n","protected":false},"excerpt":{"rendered":"<ul>\n<li>Discokugel Schwarzlicht<\/li>\n<li>6W LED<\/li>\n<li>inkl. Montageb\u00fcgel Metall<\/li>\n<li>Gr\u00f6\u00dfe ca. 11x11x11cm<\/li>\n<li>inkl. Fernbedienung<\/li>\n<li>Kabelgebunden mit 230V Stecker<\/li>\n<\/ul>\n","protected":false},"featured_media":11416,"comment_status":"open","ping_status":"closed","template":"","meta":{"_et_pb_use_builder":"","_et_pb_old_content":"","_et_gb_content_width":""},"product_brand":[],"product_cat":[965],"product_tag":[1749,2335,1130,1764,2336],"class_list":{"0":"post-11415","1":"product","2":"type-product","3":"status-publish","4":"has-post-thumbnail","6":"product_cat-eventtechnik","7":"product_tag-ambiente","8":"product_tag-disco","9":"product_tag-kugel","10":"product_tag-led","11":"product_tag-schwarzlicht","13":"first","14":"instock","15":"sale","16":"taxable","17":"shipping-taxable","18":"purchasable","19":"product-type-simple"},"yoast_head":"<!-- This site is optimized with the Yoast SEO plugin v27.5 - https:\/\/yoast.com\/product\/yoast-seo-wordpress\/ -->\n<title>Mini-Discokugel Schwarzlicht mit Fernbedienung (NEUWARE) &#187; StarCatering %-Shop<\/title>\n<meta name=\"description\" content=\"Mini-Discokugel Schwarzlicht mit Fernbedienung (neuwertig)\" \/>\n<meta name=\"robots\" content=\"index, follow, max-snippet:-1, max-image-preview:large, max-video-preview:-1\" \/>\n<link rel=\"canonical\" href=\"https:\/\/www.starcatering.at\/shop\/produkt\/mini-discokugel-schwarzlicht-mit-fernbedienung-neu\/\" \/>\n<meta property=\"og:locale\" content=\"de_DE\" \/>\n<meta property=\"og:type\" content=\"article\" \/>\n<meta property=\"og:title\" content=\"Mini-Discokugel Schwarzlicht mit Fernbedienung (neuwertig)\" \/>\n<meta property=\"og:description\" content=\"Mini-Discokugel Schwarzlicht mit Fernbedienung (neuwertig)\" \/>\n<meta property=\"og:url\" content=\"https:\/\/www.starcatering.at\/shop\/produkt\/mini-discokugel-schwarzlicht-mit-fernbedienung-neu\/\" \/>\n<meta property=\"og:site_name\" content=\"StarCatering %-Shop\" \/>\n<meta property=\"article:modified_time\" content=\"2024-12-04T17:41:37+00:00\" \/>\n<meta property=\"og:image\" content=\"https:\/\/www.starcatering.at\/shop\/wp-content\/uploads\/2024\/11\/Schwarzlichtkugel_1_500x500.jpg\" \/>\n\t<meta property=\"og:image:width\" content=\"500\" \/>\n\t<meta property=\"og:image:height\" content=\"500\" \/>\n\t<meta property=\"og:image:type\" content=\"image\/jpeg\" \/>\n<meta name=\"twitter:card\" content=\"summary_large_image\" \/>\n<meta name=\"twitter:title\" content=\"Mini-Discokugel Schwarzlicht mit Fernbedienung (neuwertig)\" \/>\n<meta name=\"twitter:description\" content=\"Mini-Discokugel Schwarzlicht mit Fernbedienung (neuwertig)\" \/>\n<meta name=\"twitter:image\" content=\"https:\/\/www.starcatering.at\/shop\/wp-content\/uploads\/2024\/11\/Schwarzlichtkugel_1_500x500.jpg\" \/>\n<meta name=\"twitter:label1\" content=\"Gesch\u00e4tzte Lesezeit\" \/>\n\t<meta name=\"twitter:data1\" content=\"2\u00a0Minuten\" \/>\n<script type=\"application\/ld+json\" class=\"yoast-schema-graph\">{\"@context\":\"https:\\\/\\\/schema.org\",\"@graph\":[{\"@type\":\"WebPage\",\"@id\":\"https:\\\/\\\/www.starcatering.at\\\/shop\\\/produkt\\\/mini-discokugel-schwarzlicht-mit-fernbedienung-neu\\\/\",\"url\":\"https:\\\/\\\/www.starcatering.at\\\/shop\\\/produkt\\\/mini-discokugel-schwarzlicht-mit-fernbedienung-neu\\\/\",\"name\":\"Mini-Discokugel Schwarzlicht mit Fernbedienung (NEUWARE) &#187; StarCatering %-Shop\",\"isPartOf\":{\"@id\":\"https:\\\/\\\/www.starcatering.at\\\/shop\\\/#website\"},\"primaryImageOfPage\":{\"@id\":\"https:\\\/\\\/www.starcatering.at\\\/shop\\\/produkt\\\/mini-discokugel-schwarzlicht-mit-fernbedienung-neu\\\/#primaryimage\"},\"image\":{\"@id\":\"https:\\\/\\\/www.starcatering.at\\\/shop\\\/produkt\\\/mini-discokugel-schwarzlicht-mit-fernbedienung-neu\\\/#primaryimage\"},\"thumbnailUrl\":\"https:\\\/\\\/www.starcatering.at\\\/shop\\\/wp-content\\\/uploads\\\/2024\\\/11\\\/Schwarzlichtkugel_1_500x500.jpg\",\"datePublished\":\"2024-11-13T14:02:06+00:00\",\"dateModified\":\"2024-12-04T17:41:37+00:00\",\"description\":\"Mini-Discokugel Schwarzlicht mit Fernbedienung (neuwertig)\",\"breadcrumb\":{\"@id\":\"https:\\\/\\\/www.starcatering.at\\\/shop\\\/produkt\\\/mini-discokugel-schwarzlicht-mit-fernbedienung-neu\\\/#breadcrumb\"},\"inLanguage\":\"de\",\"potentialAction\":[{\"@type\":\"ReadAction\",\"target\":[\"https:\\\/\\\/www.starcatering.at\\\/shop\\\/produkt\\\/mini-discokugel-schwarzlicht-mit-fernbedienung-neu\\\/\"]}]},{\"@type\":\"ImageObject\",\"inLanguage\":\"de\",\"@id\":\"https:\\\/\\\/www.starcatering.at\\\/shop\\\/produkt\\\/mini-discokugel-schwarzlicht-mit-fernbedienung-neu\\\/#primaryimage\",\"url\":\"https:\\\/\\\/www.starcatering.at\\\/shop\\\/wp-content\\\/uploads\\\/2024\\\/11\\\/Schwarzlichtkugel_1_500x500.jpg\",\"contentUrl\":\"https:\\\/\\\/www.starcatering.at\\\/shop\\\/wp-content\\\/uploads\\\/2024\\\/11\\\/Schwarzlichtkugel_1_500x500.jpg\",\"width\":500,\"height\":500},{\"@type\":\"BreadcrumbList\",\"@id\":\"https:\\\/\\\/www.starcatering.at\\\/shop\\\/produkt\\\/mini-discokugel-schwarzlicht-mit-fernbedienung-neu\\\/#breadcrumb\",\"itemListElement\":[{\"@type\":\"ListItem\",\"position\":1,\"name\":\"Startseite\",\"item\":\"https:\\\/\\\/www.starcatering.at\\\/shop\\\/\"},{\"@type\":\"ListItem\",\"position\":2,\"name\":\"Shop\",\"item\":\"https:\\\/\\\/www.starcatering.at\\\/shop\\\/shop\\\/\"},{\"@type\":\"ListItem\",\"position\":3,\"name\":\"Mini-Discokugel Schwarzlicht mit Fernbedienung (NEUWARE)\"}]},{\"@type\":\"WebSite\",\"@id\":\"https:\\\/\\\/www.starcatering.at\\\/shop\\\/#website\",\"url\":\"https:\\\/\\\/www.starcatering.at\\\/shop\\\/\",\"name\":\"Carnuntum Foods\",\"description\":\"Abverkaufsartikel\",\"publisher\":{\"@id\":\"https:\\\/\\\/www.starcatering.at\\\/shop\\\/#organization\"},\"potentialAction\":[{\"@type\":\"SearchAction\",\"target\":{\"@type\":\"EntryPoint\",\"urlTemplate\":\"https:\\\/\\\/www.starcatering.at\\\/shop\\\/?s={search_term_string}\"},\"query-input\":{\"@type\":\"PropertyValueSpecification\",\"valueRequired\":true,\"valueName\":\"search_term_string\"}}],\"inLanguage\":\"de\"},{\"@type\":\"Organization\",\"@id\":\"https:\\\/\\\/www.starcatering.at\\\/shop\\\/#organization\",\"name\":\"Carnuntumfoods\",\"url\":\"https:\\\/\\\/www.starcatering.at\\\/shop\\\/\",\"logo\":{\"@type\":\"ImageObject\",\"inLanguage\":\"de\",\"@id\":\"https:\\\/\\\/www.starcatering.at\\\/shop\\\/#\\\/schema\\\/logo\\\/image\\\/\",\"url\":\"https:\\\/\\\/www.starcatering.at\\\/shop\\\/wp-content\\\/uploads\\\/2021\\\/08\\\/cropped-logo.png\",\"contentUrl\":\"https:\\\/\\\/www.starcatering.at\\\/shop\\\/wp-content\\\/uploads\\\/2021\\\/08\\\/cropped-logo.png\",\"width\":512,\"height\":512,\"caption\":\"Carnuntumfoods\"},\"image\":{\"@id\":\"https:\\\/\\\/www.starcatering.at\\\/shop\\\/#\\\/schema\\\/logo\\\/image\\\/\"}}]}<\/script>\n<!-- \/ Yoast SEO plugin. -->","yoast_head_json":{"title":"Mini-Discokugel Schwarzlicht mit Fernbedienung (NEUWARE) &#187; StarCatering %-Shop","description":"Mini-Discokugel Schwarzlicht mit Fernbedienung (neuwertig)","robots":{"index":"index","follow":"follow","max-snippet":"max-snippet:-1","max-image-preview":"max-image-preview:large","max-video-preview":"max-video-preview:-1"},"canonical":"https:\/\/www.starcatering.at\/shop\/produkt\/mini-discokugel-schwarzlicht-mit-fernbedienung-neu\/","og_locale":"de_DE","og_type":"article","og_title":"Mini-Discokugel Schwarzlicht mit Fernbedienung (neuwertig)","og_description":"Mini-Discokugel Schwarzlicht mit Fernbedienung (neuwertig)","og_url":"https:\/\/www.starcatering.at\/shop\/produkt\/mini-discokugel-schwarzlicht-mit-fernbedienung-neu\/","og_site_name":"StarCatering %-Shop","article_modified_time":"2024-12-04T17:41:37+00:00","og_image":[{"width":500,"height":500,"url":"https:\/\/www.starcatering.at\/shop\/wp-content\/uploads\/2024\/11\/Schwarzlichtkugel_1_500x500.jpg","type":"image\/jpeg"}],"twitter_card":"summary_large_image","twitter_title":"Mini-Discokugel Schwarzlicht mit Fernbedienung (neuwertig)","twitter_description":"Mini-Discokugel Schwarzlicht mit Fernbedienung (neuwertig)","twitter_image":"https:\/\/www.starcatering.at\/shop\/wp-content\/uploads\/2024\/11\/Schwarzlichtkugel_1_500x500.jpg","twitter_misc":{"Gesch\u00e4tzte Lesezeit":"2\u00a0Minuten"},"schema":{"@context":"https:\/\/schema.org","@graph":[{"@type":"WebPage","@id":"https:\/\/www.starcatering.at\/shop\/produkt\/mini-discokugel-schwarzlicht-mit-fernbedienung-neu\/","url":"https:\/\/www.starcatering.at\/shop\/produkt\/mini-discokugel-schwarzlicht-mit-fernbedienung-neu\/","name":"Mini-Discokugel Schwarzlicht mit Fernbedienung (NEUWARE) &#187; StarCatering %-Shop","isPartOf":{"@id":"https:\/\/www.starcatering.at\/shop\/#website"},"primaryImageOfPage":{"@id":"https:\/\/www.starcatering.at\/shop\/produkt\/mini-discokugel-schwarzlicht-mit-fernbedienung-neu\/#primaryimage"},"image":{"@id":"https:\/\/www.starcatering.at\/shop\/produkt\/mini-discokugel-schwarzlicht-mit-fernbedienung-neu\/#primaryimage"},"thumbnailUrl":"https:\/\/www.starcatering.at\/shop\/wp-content\/uploads\/2024\/11\/Schwarzlichtkugel_1_500x500.jpg","datePublished":"2024-11-13T14:02:06+00:00","dateModified":"2024-12-04T17:41:37+00:00","description":"Mini-Discokugel Schwarzlicht mit Fernbedienung (neuwertig)","breadcrumb":{"@id":"https:\/\/www.starcatering.at\/shop\/produkt\/mini-discokugel-schwarzlicht-mit-fernbedienung-neu\/#breadcrumb"},"inLanguage":"de","potentialAction":[{"@type":"ReadAction","target":["https:\/\/www.starcatering.at\/shop\/produkt\/mini-discokugel-schwarzlicht-mit-fernbedienung-neu\/"]}]},{"@type":"ImageObject","inLanguage":"de","@id":"https:\/\/www.starcatering.at\/shop\/produkt\/mini-discokugel-schwarzlicht-mit-fernbedienung-neu\/#primaryimage","url":"https:\/\/www.starcatering.at\/shop\/wp-content\/uploads\/2024\/11\/Schwarzlichtkugel_1_500x500.jpg","contentUrl":"https:\/\/www.starcatering.at\/shop\/wp-content\/uploads\/2024\/11\/Schwarzlichtkugel_1_500x500.jpg","width":500,"height":500},{"@type":"BreadcrumbList","@id":"https:\/\/www.starcatering.at\/shop\/produkt\/mini-discokugel-schwarzlicht-mit-fernbedienung-neu\/#breadcrumb","itemListElement":[{"@type":"ListItem","position":1,"name":"Startseite","item":"https:\/\/www.starcatering.at\/shop\/"},{"@type":"ListItem","position":2,"name":"Shop","item":"https:\/\/www.starcatering.at\/shop\/shop\/"},{"@type":"ListItem","position":3,"name":"Mini-Discokugel Schwarzlicht mit Fernbedienung (NEUWARE)"}]},{"@type":"WebSite","@id":"https:\/\/www.starcatering.at\/shop\/#website","url":"https:\/\/www.starcatering.at\/shop\/","name":"Carnuntum Foods","description":"Abverkaufsartikel","publisher":{"@id":"https:\/\/www.starcatering.at\/shop\/#organization"},"potentialAction":[{"@type":"SearchAction","target":{"@type":"EntryPoint","urlTemplate":"https:\/\/www.starcatering.at\/shop\/?s={search_term_string}"},"query-input":{"@type":"PropertyValueSpecification","valueRequired":true,"valueName":"search_term_string"}}],"inLanguage":"de"},{"@type":"Organization","@id":"https:\/\/www.starcatering.at\/shop\/#organization","name":"Carnuntumfoods","url":"https:\/\/www.starcatering.at\/shop\/","logo":{"@type":"ImageObject","inLanguage":"de","@id":"https:\/\/www.starcatering.at\/shop\/#\/schema\/logo\/image\/","url":"https:\/\/www.starcatering.at\/shop\/wp-content\/uploads\/2021\/08\/cropped-logo.png","contentUrl":"https:\/\/www.starcatering.at\/shop\/wp-content\/uploads\/2021\/08\/cropped-logo.png","width":512,"height":512,"caption":"Carnuntumfoods"},"image":{"@id":"https:\/\/www.starcatering.at\/shop\/#\/schema\/logo\/image\/"}}]}},"_links":{"self":[{"href":"https:\/\/www.starcatering.at\/shop\/wp-json\/wp\/v2\/product\/11415","targetHints":{"allow":["GET"]}}],"collection":[{"href":"https:\/\/www.starcatering.at\/shop\/wp-json\/wp\/v2\/product"}],"about":[{"href":"https:\/\/www.starcatering.at\/shop\/wp-json\/wp\/v2\/types\/product"}],"replies":[{"embeddable":true,"href":"https:\/\/www.starcatering.at\/shop\/wp-json\/wp\/v2\/comments?post=11415"}],"wp:featuredmedia":[{"embeddable":true,"href":"https:\/\/www.starcatering.at\/shop\/wp-json\/wp\/v2\/media\/11416"}],"wp:attachment":[{"href":"https:\/\/www.starcatering.at\/shop\/wp-json\/wp\/v2\/media?parent=11415"}],"wp:term":[{"taxonomy":"product_brand","embeddable":true,"href":"https:\/\/www.starcatering.at\/shop\/wp-json\/wp\/v2\/product_brand?post=11415"},{"taxonomy":"product_cat","embeddable":true,"href":"https:\/\/www.starcatering.at\/shop\/wp-json\/wp\/v2\/product_cat?post=11415"},{"taxonomy":"product_tag","embeddable":true,"href":"https:\/\/www.starcatering.at\/shop\/wp-json\/wp\/v2\/product_tag?post=11415"}],"curies":[{"name":"wp","href":"https:\/\/api.w.org\/{rel}","templated":true}]}}