{"id":12107,"date":"2025-03-19T14:38:33","date_gmt":"2025-03-19T13:38:33","guid":{"rendered":"https:\/\/www.starcatering.at\/shop\/?post_type=product&#038;p=12107"},"modified":"2025-05-19T15:07:48","modified_gmt":"2025-05-19T13:07:48","slug":"sonnenbrille-kunststoff-bacardi-uv400-neuware","status":"publish","type":"product","link":"https:\/\/www.starcatering.at\/shop\/produkt\/sonnenbrille-kunststoff-bacardi-uv400-neuware\/","title":{"rendered":"Sonnenbrille Kunststoff &#8220;Bacardi&#8221; UV400 (NEUWARE)"},"content":{"rendered":"<ul class=\"a-unordered-list a-vertical a-spacing-small\">\n<li><span class=\"a-list-item a-size-base a-color-base\">Originale Bacardi Sonnenbrille in schwarz mit Palmenmotiv in gr\u00fcn und Bacardi Schriftzug auf dem B\u00fcgel<\/span><\/li>\n<li><span class=\"a-list-item a-size-base a-color-base\">Material: Kunststoff | UV Schutz: UV400<\/span><\/li>\n<li><span class=\"a-list-item a-size-base a-color-base\">Ein Hingucker auf jeder Party oder in der Freizeit<\/span><\/li>\n<li><span class=\"a-list-item a-size-base a-color-base\">Modell: Unisex<\/span><\/li>\n<\/ul>\n","protected":false},"excerpt":{"rendered":"<ul>\n<li>Sonnenbrille Kunststoff<\/li>\n<li>Schwarz-Gr\u00fcn mit Bacardi-Logo am linken B\u00fcgel<\/li>\n<li>UV-400<\/li>\n<li>L\u00e4nge: ca. 14,5 cm<\/li>\n<li>Breite: ca. 4,5 cm<\/li>\n<li>H\u00f6he: ca. 2 cm<\/li>\n<li>Neuware<\/li>\n<\/ul>\n","protected":false},"featured_media":12108,"comment_status":"open","ping_status":"closed","template":"","meta":{"_et_pb_use_builder":"","_et_pb_old_content":"","_et_gb_content_width":""},"product_brand":[],"product_cat":[2655],"product_tag":[182,576,2513,670,735,183,2656,2657,2659,2658],"class_list":{"0":"post-12107","1":"product","2":"type-product","3":"status-publish","4":"has-post-thumbnail","6":"product_cat-freizeitartikel","7":"product_tag-bacardi","8":"product_tag-beach","9":"product_tag-brille","10":"product_tag-kunststoff","11":"product_tag-party","12":"product_tag-rum","13":"product_tag-sonnen","14":"product_tag-sonnenbrille","15":"product_tag-urlaub","16":"product_tag-uv400","18":"first","19":"instock","20":"sale","21":"taxable","22":"shipping-taxable","23":"purchasable","24":"product-type-simple"},"yoast_head":"<!-- This site is optimized with the Yoast SEO plugin v27.5 - https:\/\/yoast.com\/product\/yoast-seo-wordpress\/ -->\n<title>Sonnenbrille Kunststoff &quot;Bacardi&quot; UV400 (NEUWARE) &#187; StarCatering %-Shop<\/title>\n<meta name=\"robots\" content=\"index, follow, max-snippet:-1, max-image-preview:large, max-video-preview:-1\" \/>\n<link rel=\"canonical\" href=\"https:\/\/www.starcatering.at\/shop\/produkt\/sonnenbrille-kunststoff-bacardi-uv400-neuware\/\" \/>\n<meta property=\"og:locale\" content=\"de_DE\" \/>\n<meta property=\"og:type\" content=\"article\" \/>\n<meta property=\"og:title\" content=\"Sonnenbrille Kunststoff &quot;Bacardi&quot; UV400 (NEUWARE) &#187; StarCatering %-Shop\" \/>\n<meta property=\"og:description\" content=\"Sonnenbrille Kunststoff  Schwarz-Gr\u00fcn mit Bacardi-Logo am linken B\u00fcgel  UV-400  L\u00e4nge: ca. 14,5 cm  Breite: ca. 4,5 cm  H\u00f6he: ca. 2 cm  Neuware\" \/>\n<meta property=\"og:url\" content=\"https:\/\/www.starcatering.at\/shop\/produkt\/sonnenbrille-kunststoff-bacardi-uv400-neuware\/\" \/>\n<meta property=\"og:site_name\" content=\"StarCatering %-Shop\" \/>\n<meta property=\"article:modified_time\" content=\"2025-05-19T13:07:48+00:00\" \/>\n<meta property=\"og:image\" content=\"https:\/\/www.starcatering.at\/shop\/wp-content\/uploads\/2025\/05\/Sonnenbrillen_Bacardi.jpg\" \/>\n\t<meta property=\"og:image:width\" content=\"500\" \/>\n\t<meta property=\"og:image:height\" content=\"500\" \/>\n\t<meta property=\"og:image:type\" content=\"image\/jpeg\" \/>\n<meta name=\"twitter:card\" content=\"summary_large_image\" \/>\n<meta name=\"twitter:label1\" content=\"Gesch\u00e4tzte Lesezeit\" \/>\n\t<meta name=\"twitter:data1\" content=\"1\u00a0Minute\" \/>\n<script type=\"application\/ld+json\" class=\"yoast-schema-graph\">{\"@context\":\"https:\\\/\\\/schema.org\",\"@graph\":[{\"@type\":\"WebPage\",\"@id\":\"https:\\\/\\\/www.starcatering.at\\\/shop\\\/produkt\\\/sonnenbrille-kunststoff-bacardi-uv400-neuware\\\/\",\"url\":\"https:\\\/\\\/www.starcatering.at\\\/shop\\\/produkt\\\/sonnenbrille-kunststoff-bacardi-uv400-neuware\\\/\",\"name\":\"Sonnenbrille Kunststoff \\\"Bacardi\\\" UV400 (NEUWARE) &#187; StarCatering %-Shop\",\"isPartOf\":{\"@id\":\"https:\\\/\\\/www.starcatering.at\\\/shop\\\/#website\"},\"primaryImageOfPage\":{\"@id\":\"https:\\\/\\\/www.starcatering.at\\\/shop\\\/produkt\\\/sonnenbrille-kunststoff-bacardi-uv400-neuware\\\/#primaryimage\"},\"image\":{\"@id\":\"https:\\\/\\\/www.starcatering.at\\\/shop\\\/produkt\\\/sonnenbrille-kunststoff-bacardi-uv400-neuware\\\/#primaryimage\"},\"thumbnailUrl\":\"https:\\\/\\\/www.starcatering.at\\\/shop\\\/wp-content\\\/uploads\\\/2025\\\/05\\\/Sonnenbrillen_Bacardi.jpg\",\"datePublished\":\"2025-03-19T13:38:33+00:00\",\"dateModified\":\"2025-05-19T13:07:48+00:00\",\"breadcrumb\":{\"@id\":\"https:\\\/\\\/www.starcatering.at\\\/shop\\\/produkt\\\/sonnenbrille-kunststoff-bacardi-uv400-neuware\\\/#breadcrumb\"},\"inLanguage\":\"de\",\"potentialAction\":[{\"@type\":\"ReadAction\",\"target\":[\"https:\\\/\\\/www.starcatering.at\\\/shop\\\/produkt\\\/sonnenbrille-kunststoff-bacardi-uv400-neuware\\\/\"]}]},{\"@type\":\"ImageObject\",\"inLanguage\":\"de\",\"@id\":\"https:\\\/\\\/www.starcatering.at\\\/shop\\\/produkt\\\/sonnenbrille-kunststoff-bacardi-uv400-neuware\\\/#primaryimage\",\"url\":\"https:\\\/\\\/www.starcatering.at\\\/shop\\\/wp-content\\\/uploads\\\/2025\\\/05\\\/Sonnenbrillen_Bacardi.jpg\",\"contentUrl\":\"https:\\\/\\\/www.starcatering.at\\\/shop\\\/wp-content\\\/uploads\\\/2025\\\/05\\\/Sonnenbrillen_Bacardi.jpg\",\"width\":500,\"height\":500},{\"@type\":\"BreadcrumbList\",\"@id\":\"https:\\\/\\\/www.starcatering.at\\\/shop\\\/produkt\\\/sonnenbrille-kunststoff-bacardi-uv400-neuware\\\/#breadcrumb\",\"itemListElement\":[{\"@type\":\"ListItem\",\"position\":1,\"name\":\"Startseite\",\"item\":\"https:\\\/\\\/www.starcatering.at\\\/shop\\\/\"},{\"@type\":\"ListItem\",\"position\":2,\"name\":\"Shop\",\"item\":\"https:\\\/\\\/www.starcatering.at\\\/shop\\\/shop\\\/\"},{\"@type\":\"ListItem\",\"position\":3,\"name\":\"Sonnenbrille Kunststoff &#8220;Bacardi&#8221; UV400 (NEUWARE)\"}]},{\"@type\":\"WebSite\",\"@id\":\"https:\\\/\\\/www.starcatering.at\\\/shop\\\/#website\",\"url\":\"https:\\\/\\\/www.starcatering.at\\\/shop\\\/\",\"name\":\"Carnuntum Foods\",\"description\":\"Abverkaufsartikel\",\"publisher\":{\"@id\":\"https:\\\/\\\/www.starcatering.at\\\/shop\\\/#organization\"},\"potentialAction\":[{\"@type\":\"SearchAction\",\"target\":{\"@type\":\"EntryPoint\",\"urlTemplate\":\"https:\\\/\\\/www.starcatering.at\\\/shop\\\/?s={search_term_string}\"},\"query-input\":{\"@type\":\"PropertyValueSpecification\",\"valueRequired\":true,\"valueName\":\"search_term_string\"}}],\"inLanguage\":\"de\"},{\"@type\":\"Organization\",\"@id\":\"https:\\\/\\\/www.starcatering.at\\\/shop\\\/#organization\",\"name\":\"Carnuntumfoods\",\"url\":\"https:\\\/\\\/www.starcatering.at\\\/shop\\\/\",\"logo\":{\"@type\":\"ImageObject\",\"inLanguage\":\"de\",\"@id\":\"https:\\\/\\\/www.starcatering.at\\\/shop\\\/#\\\/schema\\\/logo\\\/image\\\/\",\"url\":\"https:\\\/\\\/www.starcatering.at\\\/shop\\\/wp-content\\\/uploads\\\/2021\\\/08\\\/cropped-logo.png\",\"contentUrl\":\"https:\\\/\\\/www.starcatering.at\\\/shop\\\/wp-content\\\/uploads\\\/2021\\\/08\\\/cropped-logo.png\",\"width\":512,\"height\":512,\"caption\":\"Carnuntumfoods\"},\"image\":{\"@id\":\"https:\\\/\\\/www.starcatering.at\\\/shop\\\/#\\\/schema\\\/logo\\\/image\\\/\"}}]}<\/script>\n<!-- \/ Yoast SEO plugin. -->","yoast_head_json":{"title":"Sonnenbrille Kunststoff \"Bacardi\" UV400 (NEUWARE) &#187; StarCatering %-Shop","robots":{"index":"index","follow":"follow","max-snippet":"max-snippet:-1","max-image-preview":"max-image-preview:large","max-video-preview":"max-video-preview:-1"},"canonical":"https:\/\/www.starcatering.at\/shop\/produkt\/sonnenbrille-kunststoff-bacardi-uv400-neuware\/","og_locale":"de_DE","og_type":"article","og_title":"Sonnenbrille Kunststoff \"Bacardi\" UV400 (NEUWARE) &#187; StarCatering %-Shop","og_description":"Sonnenbrille Kunststoff  Schwarz-Gr\u00fcn mit Bacardi-Logo am linken B\u00fcgel  UV-400  L\u00e4nge: ca. 14,5 cm  Breite: ca. 4,5 cm  H\u00f6he: ca. 2 cm  Neuware","og_url":"https:\/\/www.starcatering.at\/shop\/produkt\/sonnenbrille-kunststoff-bacardi-uv400-neuware\/","og_site_name":"StarCatering %-Shop","article_modified_time":"2025-05-19T13:07:48+00:00","og_image":[{"width":500,"height":500,"url":"https:\/\/www.starcatering.at\/shop\/wp-content\/uploads\/2025\/05\/Sonnenbrillen_Bacardi.jpg","type":"image\/jpeg"}],"twitter_card":"summary_large_image","twitter_misc":{"Gesch\u00e4tzte Lesezeit":"1\u00a0Minute"},"schema":{"@context":"https:\/\/schema.org","@graph":[{"@type":"WebPage","@id":"https:\/\/www.starcatering.at\/shop\/produkt\/sonnenbrille-kunststoff-bacardi-uv400-neuware\/","url":"https:\/\/www.starcatering.at\/shop\/produkt\/sonnenbrille-kunststoff-bacardi-uv400-neuware\/","name":"Sonnenbrille Kunststoff \"Bacardi\" UV400 (NEUWARE) &#187; StarCatering %-Shop","isPartOf":{"@id":"https:\/\/www.starcatering.at\/shop\/#website"},"primaryImageOfPage":{"@id":"https:\/\/www.starcatering.at\/shop\/produkt\/sonnenbrille-kunststoff-bacardi-uv400-neuware\/#primaryimage"},"image":{"@id":"https:\/\/www.starcatering.at\/shop\/produkt\/sonnenbrille-kunststoff-bacardi-uv400-neuware\/#primaryimage"},"thumbnailUrl":"https:\/\/www.starcatering.at\/shop\/wp-content\/uploads\/2025\/05\/Sonnenbrillen_Bacardi.jpg","datePublished":"2025-03-19T13:38:33+00:00","dateModified":"2025-05-19T13:07:48+00:00","breadcrumb":{"@id":"https:\/\/www.starcatering.at\/shop\/produkt\/sonnenbrille-kunststoff-bacardi-uv400-neuware\/#breadcrumb"},"inLanguage":"de","potentialAction":[{"@type":"ReadAction","target":["https:\/\/www.starcatering.at\/shop\/produkt\/sonnenbrille-kunststoff-bacardi-uv400-neuware\/"]}]},{"@type":"ImageObject","inLanguage":"de","@id":"https:\/\/www.starcatering.at\/shop\/produkt\/sonnenbrille-kunststoff-bacardi-uv400-neuware\/#primaryimage","url":"https:\/\/www.starcatering.at\/shop\/wp-content\/uploads\/2025\/05\/Sonnenbrillen_Bacardi.jpg","contentUrl":"https:\/\/www.starcatering.at\/shop\/wp-content\/uploads\/2025\/05\/Sonnenbrillen_Bacardi.jpg","width":500,"height":500},{"@type":"BreadcrumbList","@id":"https:\/\/www.starcatering.at\/shop\/produkt\/sonnenbrille-kunststoff-bacardi-uv400-neuware\/#breadcrumb","itemListElement":[{"@type":"ListItem","position":1,"name":"Startseite","item":"https:\/\/www.starcatering.at\/shop\/"},{"@type":"ListItem","position":2,"name":"Shop","item":"https:\/\/www.starcatering.at\/shop\/shop\/"},{"@type":"ListItem","position":3,"name":"Sonnenbrille Kunststoff &#8220;Bacardi&#8221; UV400 (NEUWARE)"}]},{"@type":"WebSite","@id":"https:\/\/www.starcatering.at\/shop\/#website","url":"https:\/\/www.starcatering.at\/shop\/","name":"Carnuntum Foods","description":"Abverkaufsartikel","publisher":{"@id":"https:\/\/www.starcatering.at\/shop\/#organization"},"potentialAction":[{"@type":"SearchAction","target":{"@type":"EntryPoint","urlTemplate":"https:\/\/www.starcatering.at\/shop\/?s={search_term_string}"},"query-input":{"@type":"PropertyValueSpecification","valueRequired":true,"valueName":"search_term_string"}}],"inLanguage":"de"},{"@type":"Organization","@id":"https:\/\/www.starcatering.at\/shop\/#organization","name":"Carnuntumfoods","url":"https:\/\/www.starcatering.at\/shop\/","logo":{"@type":"ImageObject","inLanguage":"de","@id":"https:\/\/www.starcatering.at\/shop\/#\/schema\/logo\/image\/","url":"https:\/\/www.starcatering.at\/shop\/wp-content\/uploads\/2021\/08\/cropped-logo.png","contentUrl":"https:\/\/www.starcatering.at\/shop\/wp-content\/uploads\/2021\/08\/cropped-logo.png","width":512,"height":512,"caption":"Carnuntumfoods"},"image":{"@id":"https:\/\/www.starcatering.at\/shop\/#\/schema\/logo\/image\/"}}]}},"_links":{"self":[{"href":"https:\/\/www.starcatering.at\/shop\/wp-json\/wp\/v2\/product\/12107","targetHints":{"allow":["GET"]}}],"collection":[{"href":"https:\/\/www.starcatering.at\/shop\/wp-json\/wp\/v2\/product"}],"about":[{"href":"https:\/\/www.starcatering.at\/shop\/wp-json\/wp\/v2\/types\/product"}],"replies":[{"embeddable":true,"href":"https:\/\/www.starcatering.at\/shop\/wp-json\/wp\/v2\/comments?post=12107"}],"wp:featuredmedia":[{"embeddable":true,"href":"https:\/\/www.starcatering.at\/shop\/wp-json\/wp\/v2\/media\/12108"}],"wp:attachment":[{"href":"https:\/\/www.starcatering.at\/shop\/wp-json\/wp\/v2\/media?parent=12107"}],"wp:term":[{"taxonomy":"product_brand","embeddable":true,"href":"https:\/\/www.starcatering.at\/shop\/wp-json\/wp\/v2\/product_brand?post=12107"},{"taxonomy":"product_cat","embeddable":true,"href":"https:\/\/www.starcatering.at\/shop\/wp-json\/wp\/v2\/product_cat?post=12107"},{"taxonomy":"product_tag","embeddable":true,"href":"https:\/\/www.starcatering.at\/shop\/wp-json\/wp\/v2\/product_tag?post=12107"}],"curies":[{"name":"wp","href":"https:\/\/api.w.org\/{rel}","templated":true}]}}