{"id":12398,"date":"2025-05-04T12:14:07","date_gmt":"2025-05-04T10:14:07","guid":{"rendered":"https:\/\/www.starcatering.at\/shop\/?post_type=product&#038;p=12398"},"modified":"2025-08-04T16:42:17","modified_gmt":"2025-08-04T14:42:17","slug":"luftbett-gaestebett-intex-183x203x25-cm-wenig-gebraucht","status":"publish","type":"product","link":"https:\/\/www.starcatering.at\/shop\/produkt\/luftbett-gaestebett-intex-183x203x25-cm-wenig-gebraucht\/","title":{"rendered":"Luftbett\/G\u00e4stebett &#8220;Intex&#8221; 183x203x25 cm (wenig gebraucht)"},"content":{"rendered":"<h3 class=\"accordion__item__title__text\">Beschreibung<\/h3>\n<p>Das Luftbett Classic Downy von Intex aus der Dura-Beam\u00ae Standard-Serie ist bestens geeignet zum Campen oder als G\u00e4stebett. Die Fiber-Tech\u2122 Innenkonstruktion verspricht eine gleichm\u00e4\u00dfig stabile Liegefl\u00e4che. Die Bettoberseite ist beflockt und sorgt daher f\u00fcr ein angenehmes Schlafgef\u00fchl. Durch eine extra gro\u00dfe Ventil\u00f6ffnung ist das Bett schnell aufgeblasen. Zur Lagerung und auf Reisen kann man das Luftbett einfach und platzsparend zusammenlegen.<\/p>\n<h3 class=\"accordion__item__title__text\">Eigenschaften<\/h3>\n<p>Einsetzbar im In- und Outdoorbereich<br \/>\nSchnelles Bef\u00fcllen und Entleeren<br \/>\nKompakt faltbar<br \/>\nPlatzsparend zusammenlegbar<br \/>\nStabile Liegefl\u00e4che<\/p>\n","protected":false},"excerpt":{"rendered":"<ul>\n<li>Luftbett wenig gebraucht &#8211; nur 2-3x in Verwendung gewesen<\/li>\n<li>Zustand wie abgebildet<\/li>\n<li>Abmessungen aufgeblasen: 183 x 203 x 25 cm<\/li>\n<li>Gewicht: ca. 4,2 kg<\/li>\n<li>aufblasbar (manuell)<\/li>\n<li>Marke &#8220;Intex&#8221;<\/li>\n<li>blau<\/li>\n<\/ul>\n","protected":false},"featured_media":12399,"comment_status":"open","ping_status":"closed","template":"","meta":{"_et_pb_use_builder":"","_et_pb_old_content":"","_et_gb_content_width":""},"product_brand":[],"product_cat":[2655,556,882],"product_tag":[1926,1927,1924,687,1923,1925,1928],"class_list":{"0":"post-12398","1":"product","2":"type-product","3":"status-publish","4":"has-post-thumbnail","6":"product_cat-freizeitartikel","7":"product_cat-garten-werkstatt","8":"product_cat-moebel","9":"product_tag-camping","10":"product_tag-gaeste","11":"product_tag-gaestebett","12":"product_tag-intex","13":"product_tag-luftbett","14":"product_tag-luftmatratze","15":"product_tag-outdoot","17":"first","18":"instock","19":"sale","20":"taxable","21":"shipping-taxable","22":"product-type-simple"},"yoast_head":"<!-- This site is optimized with the Yoast SEO plugin v27.5 - https:\/\/yoast.com\/product\/yoast-seo-wordpress\/ -->\n<title>Luftbett\/G\u00e4stebett &quot;Intex&quot; 183x203x25 cm (wenig gebraucht) &#187; StarCatering %-Shop<\/title>\n<meta name=\"description\" content=\"Luftbett\/G\u00e4stebett &quot;Intex&quot; 183x203x25 cm (wenig gebraucht)\" \/>\n<meta name=\"robots\" content=\"index, follow, max-snippet:-1, max-image-preview:large, max-video-preview:-1\" \/>\n<link rel=\"canonical\" href=\"https:\/\/www.starcatering.at\/shop\/produkt\/luftbett-gaestebett-intex-183x203x25-cm-wenig-gebraucht\/\" \/>\n<meta property=\"og:locale\" content=\"de_DE\" \/>\n<meta property=\"og:type\" content=\"article\" \/>\n<meta property=\"og:title\" content=\"Luftbett\/G\u00e4stebett &quot;Intex&quot; 183x203x25 cm (wenig gebraucht)\" \/>\n<meta property=\"og:description\" content=\"Luftbett\/G\u00e4stebett &quot;Intex&quot; 183x203x25 cm (wenig gebraucht)\" \/>\n<meta property=\"og:url\" content=\"https:\/\/www.starcatering.at\/shop\/produkt\/luftbett-gaestebett-intex-183x203x25-cm-wenig-gebraucht\/\" \/>\n<meta property=\"og:site_name\" content=\"StarCatering %-Shop\" \/>\n<meta property=\"article:modified_time\" content=\"2025-08-04T14:42:17+00:00\" \/>\n<meta property=\"og:image\" content=\"https:\/\/www.starcatering.at\/shop\/wp-content\/uploads\/2025\/08\/Luftbett_183x203_Intex_01.jpg\" \/>\n\t<meta property=\"og:image:width\" content=\"500\" \/>\n\t<meta property=\"og:image:height\" content=\"500\" \/>\n\t<meta property=\"og:image:type\" content=\"image\/jpeg\" \/>\n<meta name=\"twitter:card\" content=\"summary_large_image\" \/>\n<meta name=\"twitter:label1\" content=\"Gesch\u00e4tzte Lesezeit\" \/>\n\t<meta name=\"twitter:data1\" content=\"1\u00a0Minute\" \/>\n<script type=\"application\/ld+json\" class=\"yoast-schema-graph\">{\"@context\":\"https:\\\/\\\/schema.org\",\"@graph\":[{\"@type\":\"WebPage\",\"@id\":\"https:\\\/\\\/www.starcatering.at\\\/shop\\\/produkt\\\/luftbett-gaestebett-intex-183x203x25-cm-wenig-gebraucht\\\/\",\"url\":\"https:\\\/\\\/www.starcatering.at\\\/shop\\\/produkt\\\/luftbett-gaestebett-intex-183x203x25-cm-wenig-gebraucht\\\/\",\"name\":\"Luftbett\\\/G\u00e4stebett \\\"Intex\\\" 183x203x25 cm (wenig gebraucht) &#187; StarCatering %-Shop\",\"isPartOf\":{\"@id\":\"https:\\\/\\\/www.starcatering.at\\\/shop\\\/#website\"},\"primaryImageOfPage\":{\"@id\":\"https:\\\/\\\/www.starcatering.at\\\/shop\\\/produkt\\\/luftbett-gaestebett-intex-183x203x25-cm-wenig-gebraucht\\\/#primaryimage\"},\"image\":{\"@id\":\"https:\\\/\\\/www.starcatering.at\\\/shop\\\/produkt\\\/luftbett-gaestebett-intex-183x203x25-cm-wenig-gebraucht\\\/#primaryimage\"},\"thumbnailUrl\":\"https:\\\/\\\/www.starcatering.at\\\/shop\\\/wp-content\\\/uploads\\\/2025\\\/08\\\/Luftbett_183x203_Intex_01.jpg\",\"datePublished\":\"2025-05-04T10:14:07+00:00\",\"dateModified\":\"2025-08-04T14:42:17+00:00\",\"description\":\"Luftbett\\\/G\u00e4stebett \\\"Intex\\\" 183x203x25 cm (wenig gebraucht)\",\"breadcrumb\":{\"@id\":\"https:\\\/\\\/www.starcatering.at\\\/shop\\\/produkt\\\/luftbett-gaestebett-intex-183x203x25-cm-wenig-gebraucht\\\/#breadcrumb\"},\"inLanguage\":\"de\",\"potentialAction\":[{\"@type\":\"ReadAction\",\"target\":[\"https:\\\/\\\/www.starcatering.at\\\/shop\\\/produkt\\\/luftbett-gaestebett-intex-183x203x25-cm-wenig-gebraucht\\\/\"]}]},{\"@type\":\"ImageObject\",\"inLanguage\":\"de\",\"@id\":\"https:\\\/\\\/www.starcatering.at\\\/shop\\\/produkt\\\/luftbett-gaestebett-intex-183x203x25-cm-wenig-gebraucht\\\/#primaryimage\",\"url\":\"https:\\\/\\\/www.starcatering.at\\\/shop\\\/wp-content\\\/uploads\\\/2025\\\/08\\\/Luftbett_183x203_Intex_01.jpg\",\"contentUrl\":\"https:\\\/\\\/www.starcatering.at\\\/shop\\\/wp-content\\\/uploads\\\/2025\\\/08\\\/Luftbett_183x203_Intex_01.jpg\",\"width\":500,\"height\":500},{\"@type\":\"BreadcrumbList\",\"@id\":\"https:\\\/\\\/www.starcatering.at\\\/shop\\\/produkt\\\/luftbett-gaestebett-intex-183x203x25-cm-wenig-gebraucht\\\/#breadcrumb\",\"itemListElement\":[{\"@type\":\"ListItem\",\"position\":1,\"name\":\"Startseite\",\"item\":\"https:\\\/\\\/www.starcatering.at\\\/shop\\\/\"},{\"@type\":\"ListItem\",\"position\":2,\"name\":\"Shop\",\"item\":\"https:\\\/\\\/www.starcatering.at\\\/shop\\\/shop\\\/\"},{\"@type\":\"ListItem\",\"position\":3,\"name\":\"Luftbett\\\/G\u00e4stebett &#8220;Intex&#8221; 183x203x25 cm (wenig gebraucht)\"}]},{\"@type\":\"WebSite\",\"@id\":\"https:\\\/\\\/www.starcatering.at\\\/shop\\\/#website\",\"url\":\"https:\\\/\\\/www.starcatering.at\\\/shop\\\/\",\"name\":\"Carnuntum Foods\",\"description\":\"Abverkaufsartikel\",\"publisher\":{\"@id\":\"https:\\\/\\\/www.starcatering.at\\\/shop\\\/#organization\"},\"potentialAction\":[{\"@type\":\"SearchAction\",\"target\":{\"@type\":\"EntryPoint\",\"urlTemplate\":\"https:\\\/\\\/www.starcatering.at\\\/shop\\\/?s={search_term_string}\"},\"query-input\":{\"@type\":\"PropertyValueSpecification\",\"valueRequired\":true,\"valueName\":\"search_term_string\"}}],\"inLanguage\":\"de\"},{\"@type\":\"Organization\",\"@id\":\"https:\\\/\\\/www.starcatering.at\\\/shop\\\/#organization\",\"name\":\"Carnuntumfoods\",\"url\":\"https:\\\/\\\/www.starcatering.at\\\/shop\\\/\",\"logo\":{\"@type\":\"ImageObject\",\"inLanguage\":\"de\",\"@id\":\"https:\\\/\\\/www.starcatering.at\\\/shop\\\/#\\\/schema\\\/logo\\\/image\\\/\",\"url\":\"https:\\\/\\\/www.starcatering.at\\\/shop\\\/wp-content\\\/uploads\\\/2021\\\/08\\\/cropped-logo.png\",\"contentUrl\":\"https:\\\/\\\/www.starcatering.at\\\/shop\\\/wp-content\\\/uploads\\\/2021\\\/08\\\/cropped-logo.png\",\"width\":512,\"height\":512,\"caption\":\"Carnuntumfoods\"},\"image\":{\"@id\":\"https:\\\/\\\/www.starcatering.at\\\/shop\\\/#\\\/schema\\\/logo\\\/image\\\/\"}}]}<\/script>\n<!-- \/ Yoast SEO plugin. -->","yoast_head_json":{"title":"Luftbett\/G\u00e4stebett \"Intex\" 183x203x25 cm (wenig gebraucht) &#187; StarCatering %-Shop","description":"Luftbett\/G\u00e4stebett \"Intex\" 183x203x25 cm (wenig gebraucht)","robots":{"index":"index","follow":"follow","max-snippet":"max-snippet:-1","max-image-preview":"max-image-preview:large","max-video-preview":"max-video-preview:-1"},"canonical":"https:\/\/www.starcatering.at\/shop\/produkt\/luftbett-gaestebett-intex-183x203x25-cm-wenig-gebraucht\/","og_locale":"de_DE","og_type":"article","og_title":"Luftbett\/G\u00e4stebett \"Intex\" 183x203x25 cm (wenig gebraucht)","og_description":"Luftbett\/G\u00e4stebett \"Intex\" 183x203x25 cm (wenig gebraucht)","og_url":"https:\/\/www.starcatering.at\/shop\/produkt\/luftbett-gaestebett-intex-183x203x25-cm-wenig-gebraucht\/","og_site_name":"StarCatering %-Shop","article_modified_time":"2025-08-04T14:42:17+00:00","og_image":[{"width":500,"height":500,"url":"https:\/\/www.starcatering.at\/shop\/wp-content\/uploads\/2025\/08\/Luftbett_183x203_Intex_01.jpg","type":"image\/jpeg"}],"twitter_card":"summary_large_image","twitter_misc":{"Gesch\u00e4tzte Lesezeit":"1\u00a0Minute"},"schema":{"@context":"https:\/\/schema.org","@graph":[{"@type":"WebPage","@id":"https:\/\/www.starcatering.at\/shop\/produkt\/luftbett-gaestebett-intex-183x203x25-cm-wenig-gebraucht\/","url":"https:\/\/www.starcatering.at\/shop\/produkt\/luftbett-gaestebett-intex-183x203x25-cm-wenig-gebraucht\/","name":"Luftbett\/G\u00e4stebett \"Intex\" 183x203x25 cm (wenig gebraucht) &#187; StarCatering %-Shop","isPartOf":{"@id":"https:\/\/www.starcatering.at\/shop\/#website"},"primaryImageOfPage":{"@id":"https:\/\/www.starcatering.at\/shop\/produkt\/luftbett-gaestebett-intex-183x203x25-cm-wenig-gebraucht\/#primaryimage"},"image":{"@id":"https:\/\/www.starcatering.at\/shop\/produkt\/luftbett-gaestebett-intex-183x203x25-cm-wenig-gebraucht\/#primaryimage"},"thumbnailUrl":"https:\/\/www.starcatering.at\/shop\/wp-content\/uploads\/2025\/08\/Luftbett_183x203_Intex_01.jpg","datePublished":"2025-05-04T10:14:07+00:00","dateModified":"2025-08-04T14:42:17+00:00","description":"Luftbett\/G\u00e4stebett \"Intex\" 183x203x25 cm (wenig gebraucht)","breadcrumb":{"@id":"https:\/\/www.starcatering.at\/shop\/produkt\/luftbett-gaestebett-intex-183x203x25-cm-wenig-gebraucht\/#breadcrumb"},"inLanguage":"de","potentialAction":[{"@type":"ReadAction","target":["https:\/\/www.starcatering.at\/shop\/produkt\/luftbett-gaestebett-intex-183x203x25-cm-wenig-gebraucht\/"]}]},{"@type":"ImageObject","inLanguage":"de","@id":"https:\/\/www.starcatering.at\/shop\/produkt\/luftbett-gaestebett-intex-183x203x25-cm-wenig-gebraucht\/#primaryimage","url":"https:\/\/www.starcatering.at\/shop\/wp-content\/uploads\/2025\/08\/Luftbett_183x203_Intex_01.jpg","contentUrl":"https:\/\/www.starcatering.at\/shop\/wp-content\/uploads\/2025\/08\/Luftbett_183x203_Intex_01.jpg","width":500,"height":500},{"@type":"BreadcrumbList","@id":"https:\/\/www.starcatering.at\/shop\/produkt\/luftbett-gaestebett-intex-183x203x25-cm-wenig-gebraucht\/#breadcrumb","itemListElement":[{"@type":"ListItem","position":1,"name":"Startseite","item":"https:\/\/www.starcatering.at\/shop\/"},{"@type":"ListItem","position":2,"name":"Shop","item":"https:\/\/www.starcatering.at\/shop\/shop\/"},{"@type":"ListItem","position":3,"name":"Luftbett\/G\u00e4stebett &#8220;Intex&#8221; 183x203x25 cm (wenig gebraucht)"}]},{"@type":"WebSite","@id":"https:\/\/www.starcatering.at\/shop\/#website","url":"https:\/\/www.starcatering.at\/shop\/","name":"Carnuntum Foods","description":"Abverkaufsartikel","publisher":{"@id":"https:\/\/www.starcatering.at\/shop\/#organization"},"potentialAction":[{"@type":"SearchAction","target":{"@type":"EntryPoint","urlTemplate":"https:\/\/www.starcatering.at\/shop\/?s={search_term_string}"},"query-input":{"@type":"PropertyValueSpecification","valueRequired":true,"valueName":"search_term_string"}}],"inLanguage":"de"},{"@type":"Organization","@id":"https:\/\/www.starcatering.at\/shop\/#organization","name":"Carnuntumfoods","url":"https:\/\/www.starcatering.at\/shop\/","logo":{"@type":"ImageObject","inLanguage":"de","@id":"https:\/\/www.starcatering.at\/shop\/#\/schema\/logo\/image\/","url":"https:\/\/www.starcatering.at\/shop\/wp-content\/uploads\/2021\/08\/cropped-logo.png","contentUrl":"https:\/\/www.starcatering.at\/shop\/wp-content\/uploads\/2021\/08\/cropped-logo.png","width":512,"height":512,"caption":"Carnuntumfoods"},"image":{"@id":"https:\/\/www.starcatering.at\/shop\/#\/schema\/logo\/image\/"}}]}},"_links":{"self":[{"href":"https:\/\/www.starcatering.at\/shop\/wp-json\/wp\/v2\/product\/12398","targetHints":{"allow":["GET"]}}],"collection":[{"href":"https:\/\/www.starcatering.at\/shop\/wp-json\/wp\/v2\/product"}],"about":[{"href":"https:\/\/www.starcatering.at\/shop\/wp-json\/wp\/v2\/types\/product"}],"replies":[{"embeddable":true,"href":"https:\/\/www.starcatering.at\/shop\/wp-json\/wp\/v2\/comments?post=12398"}],"wp:featuredmedia":[{"embeddable":true,"href":"https:\/\/www.starcatering.at\/shop\/wp-json\/wp\/v2\/media\/12399"}],"wp:attachment":[{"href":"https:\/\/www.starcatering.at\/shop\/wp-json\/wp\/v2\/media?parent=12398"}],"wp:term":[{"taxonomy":"product_brand","embeddable":true,"href":"https:\/\/www.starcatering.at\/shop\/wp-json\/wp\/v2\/product_brand?post=12398"},{"taxonomy":"product_cat","embeddable":true,"href":"https:\/\/www.starcatering.at\/shop\/wp-json\/wp\/v2\/product_cat?post=12398"},{"taxonomy":"product_tag","embeddable":true,"href":"https:\/\/www.starcatering.at\/shop\/wp-json\/wp\/v2\/product_tag?post=12398"}],"curies":[{"name":"wp","href":"https:\/\/api.w.org\/{rel}","templated":true}]}}