{"id":12576,"date":"2025-05-17T21:22:23","date_gmt":"2025-05-17T19:22:23","guid":{"rendered":"https:\/\/www.starcatering.at\/shop\/?post_type=product&#038;p=12576"},"modified":"2025-10-17T21:31:16","modified_gmt":"2025-10-17T19:31:16","slug":"schneckenkorn-natur-bio-1200g-packung","status":"publish","type":"product","link":"https:\/\/www.starcatering.at\/shop\/produkt\/schneckenkorn-natur-bio-1200g-packung\/","title":{"rendered":"Schneckenkorn Natur Bio 1200g Packung"},"content":{"rendered":"<p>Die gefr\u00e4\u00dfigen Nacktschnecken sind unter G\u00e4rtnern gef\u00fcrchtet und k\u00f6nnen gerade in sommerlichen Regenperioden einem Garten ordentlich Schaden zuf\u00fcgen. Blumen, Salat &#8211; nichts bleibt von ihrem schier uners\u00e4ttlichen Appetit verschont. Und dann stellt sich f\u00fcr jeden G\u00e4rtner die Gewissensfrage: Gift oder Bier? Schutzz\u00e4une bauen oder jeden Abend absammeln? Wir haben eine bessere L\u00f6sung f\u00fcr Sie: Dehner Bio Schneckenkorn Natur. Dehner Bio Schneckenkorn Natur ist ein\u00a0<b>hochwirksames<\/b>\u00a0und dabei\u00a0<b>\u00f6kologisch unbedenkliches Fertigprodukt<\/b>, das mit einer Eisenverbindung arbeitet, die auch in der Natur vorkommt. Diese Eisenverbindung wird im Boden in pflanzenverf\u00fcgbare Stoffwechselprodukte umgewandelt. Bei den Schnecken bewirkt Dehner Bio Schneckenkorn Natur\u00a0<b>einen sofortigen Fressstopp<\/b>, au\u00dferdem ziehen sich die Tiere in den Boden zur\u00fcck, wo sie verenden. Das hei\u00dft f\u00fcr Sie: Mit Dehner Bio Schneckenkorn Natur sind die\u00a0<b>Schnecken sofort verschwunden<\/b>, sogar ohne eklige Schleimspuren zu hinterlassen. F\u00fcr Haustiere wie Hunde und Katzen, aber auch f\u00fcr freilebendige Tiere wie Igel, Bienen usw. ist das Sch\u00e4dlingsmittel v\u00f6llig\u00a0<b>ungef\u00e4hrlich<\/b>.<\/p>\n<h3>Tipps zur Vorbeugung<\/h3>\n<p>Gie\u00dfen Sie Ihre Pflanzen am besten immer\u00a0<b>nur morgens und nicht abends<\/b>, um die nachtaktiven Schnecken nicht in Scharen auf die Beete zu locken. Statt fl\u00e4chendeckender Beregnung empfiehlt es sich, besonders gef\u00e4hrdete Pflanzen alle zwei bis drei Tage einzeln und kr\u00e4ftig zu w\u00e4ssern, damit die Schnecken keine gr\u00f6\u00dferen, feuchten Fl\u00e4chen finden, auf denen sie sich gut fortbewegen k\u00f6nnen. Und\u00a0<b>hacken Sie regelm\u00e4\u00dfig<\/b>\u00a0zwischen den Pflanzen, damit die Schnecken keinen Unterschlupf finden.<\/p>\n<h3>Hinweise zur sicheren Anwendung<\/h3>\n<p>Die Anwendung von Dehner Bio Schneckenkorn Natur ist\u00a0<b>sauber und angenehm<\/b>. Das Granulat wird einfach auf den Beeten zwischen den Blumen und Gem\u00fcsepflanzen ausgestreut &#8211; fertig. Verwenden Sie hierf\u00fcr 5 Gramm pro Quadratmeter. Im Idealfall wird Dehner Bio Schneckenkorn bei trockenem Wetter ausgestreut, es ist aber extrem regenfest und\u00a0<b>verliert seine Wirkung auch bei nassem Wetter nicht<\/b>. Wiederholen Sie die Anwendung mehrmals, um mehrere Schneckengenerationen zu treffen, dann wird Ihr Garten lange von der unangenehmen Plage verschont sein &#8211; dank Dehner Bio Schneckenkorn Natur.<\/p>\n","protected":false},"excerpt":{"rendered":"<ul>\n<li>Schneckenkorn 1,2kg Packung<\/li>\n<li class=\"list-with-icons__item\">\n<div>Sch\u00fctzt Zierpflanzen und Gem\u00fcse sicher vor Nacktschnecken<\/div>\n<\/li>\n<li class=\"list-with-icons__item\">\n<div>Mit Eisenverbindung, (Eisen-III-Phosphat)\u00a0 die auch in der Natur vorkommt<\/div>\n<\/li>\n<li class=\"list-with-icons__item\">\n<div>Schonend f\u00fcr Haustiere, Igel, Bienen &amp; umweltvertr\u00e4glich<\/div>\n<\/li>\n<li class=\"list-with-icons__item\">\n<div>Extrem regenfest, auch bei feuchtem Wetter verwendbar<\/div>\n<\/li>\n<li class=\"list-with-icons__item\">\n<div>Ohne unangenehme Schleimspuren und Schneckenkadavern<\/div>\n<\/li>\n<li><\/li>\n<\/ul>\n","protected":false},"featured_media":12577,"comment_status":"open","ping_status":"closed","template":"","meta":{"_et_pb_use_builder":"","_et_pb_old_content":"","_et_gb_content_width":""},"product_brand":[],"product_cat":[556],"product_tag":[60,2891,2889,2890,2629],"class_list":{"0":"post-12576","1":"product","2":"type-product","3":"status-publish","4":"has-post-thumbnail","6":"product_cat-garten-werkstatt","7":"product_tag-bio","8":"product_tag-dehner","9":"product_tag-korn","10":"product_tag-schaedling","11":"product_tag-schnecken","13":"first","14":"instock","15":"sale","16":"taxable","17":"shipping-taxable","18":"purchasable","19":"product-type-simple"},"yoast_head":"<!-- This site is optimized with the Yoast SEO plugin v27.5 - https:\/\/yoast.com\/product\/yoast-seo-wordpress\/ -->\n<title>Schneckenkorn Natur Bio 1200g Packung &#187; StarCatering %-Shop<\/title>\n<meta name=\"description\" content=\"Schneckenkorn Natur Bio 1200g Packung\" \/>\n<meta name=\"robots\" content=\"index, follow, max-snippet:-1, max-image-preview:large, max-video-preview:-1\" \/>\n<link rel=\"canonical\" href=\"https:\/\/www.starcatering.at\/shop\/produkt\/schneckenkorn-natur-bio-1200g-packung\/\" \/>\n<meta property=\"og:locale\" content=\"de_DE\" \/>\n<meta property=\"og:type\" content=\"article\" \/>\n<meta property=\"og:title\" content=\"Schneckenkorn Natur Bio 1200g Packung\" \/>\n<meta property=\"og:description\" content=\"Schneckenkorn Natur Bio 1200g Packung\" \/>\n<meta property=\"og:url\" content=\"https:\/\/www.starcatering.at\/shop\/produkt\/schneckenkorn-natur-bio-1200g-packung\/\" \/>\n<meta property=\"og:site_name\" content=\"StarCatering %-Shop\" \/>\n<meta property=\"article:modified_time\" content=\"2025-10-17T19:31:16+00:00\" \/>\n<meta property=\"og:image\" content=\"https:\/\/www.starcatering.at\/shop\/wp-content\/uploads\/2025\/10\/Schneckenkorn_Dehner.jpg\" \/>\n\t<meta property=\"og:image:width\" content=\"500\" \/>\n\t<meta property=\"og:image:height\" content=\"500\" \/>\n\t<meta property=\"og:image:type\" content=\"image\/jpeg\" \/>\n<meta name=\"twitter:card\" content=\"summary_large_image\" \/>\n<meta name=\"twitter:label1\" content=\"Gesch\u00e4tzte Lesezeit\" \/>\n\t<meta name=\"twitter:data1\" content=\"2\u00a0Minuten\" \/>\n<script type=\"application\/ld+json\" class=\"yoast-schema-graph\">{\"@context\":\"https:\\\/\\\/schema.org\",\"@graph\":[{\"@type\":\"WebPage\",\"@id\":\"https:\\\/\\\/www.starcatering.at\\\/shop\\\/produkt\\\/schneckenkorn-natur-bio-1200g-packung\\\/\",\"url\":\"https:\\\/\\\/www.starcatering.at\\\/shop\\\/produkt\\\/schneckenkorn-natur-bio-1200g-packung\\\/\",\"name\":\"Schneckenkorn Natur Bio 1200g Packung &#187; StarCatering %-Shop\",\"isPartOf\":{\"@id\":\"https:\\\/\\\/www.starcatering.at\\\/shop\\\/#website\"},\"primaryImageOfPage\":{\"@id\":\"https:\\\/\\\/www.starcatering.at\\\/shop\\\/produkt\\\/schneckenkorn-natur-bio-1200g-packung\\\/#primaryimage\"},\"image\":{\"@id\":\"https:\\\/\\\/www.starcatering.at\\\/shop\\\/produkt\\\/schneckenkorn-natur-bio-1200g-packung\\\/#primaryimage\"},\"thumbnailUrl\":\"https:\\\/\\\/www.starcatering.at\\\/shop\\\/wp-content\\\/uploads\\\/2025\\\/10\\\/Schneckenkorn_Dehner.jpg\",\"datePublished\":\"2025-05-17T19:22:23+00:00\",\"dateModified\":\"2025-10-17T19:31:16+00:00\",\"description\":\"Schneckenkorn Natur Bio 1200g Packung\",\"breadcrumb\":{\"@id\":\"https:\\\/\\\/www.starcatering.at\\\/shop\\\/produkt\\\/schneckenkorn-natur-bio-1200g-packung\\\/#breadcrumb\"},\"inLanguage\":\"de\",\"potentialAction\":[{\"@type\":\"ReadAction\",\"target\":[\"https:\\\/\\\/www.starcatering.at\\\/shop\\\/produkt\\\/schneckenkorn-natur-bio-1200g-packung\\\/\"]}]},{\"@type\":\"ImageObject\",\"inLanguage\":\"de\",\"@id\":\"https:\\\/\\\/www.starcatering.at\\\/shop\\\/produkt\\\/schneckenkorn-natur-bio-1200g-packung\\\/#primaryimage\",\"url\":\"https:\\\/\\\/www.starcatering.at\\\/shop\\\/wp-content\\\/uploads\\\/2025\\\/10\\\/Schneckenkorn_Dehner.jpg\",\"contentUrl\":\"https:\\\/\\\/www.starcatering.at\\\/shop\\\/wp-content\\\/uploads\\\/2025\\\/10\\\/Schneckenkorn_Dehner.jpg\",\"width\":500,\"height\":500},{\"@type\":\"BreadcrumbList\",\"@id\":\"https:\\\/\\\/www.starcatering.at\\\/shop\\\/produkt\\\/schneckenkorn-natur-bio-1200g-packung\\\/#breadcrumb\",\"itemListElement\":[{\"@type\":\"ListItem\",\"position\":1,\"name\":\"Startseite\",\"item\":\"https:\\\/\\\/www.starcatering.at\\\/shop\\\/\"},{\"@type\":\"ListItem\",\"position\":2,\"name\":\"Shop\",\"item\":\"https:\\\/\\\/www.starcatering.at\\\/shop\\\/shop\\\/\"},{\"@type\":\"ListItem\",\"position\":3,\"name\":\"Schneckenkorn Natur Bio 1200g Packung\"}]},{\"@type\":\"WebSite\",\"@id\":\"https:\\\/\\\/www.starcatering.at\\\/shop\\\/#website\",\"url\":\"https:\\\/\\\/www.starcatering.at\\\/shop\\\/\",\"name\":\"Carnuntum Foods\",\"description\":\"Abverkaufsartikel\",\"publisher\":{\"@id\":\"https:\\\/\\\/www.starcatering.at\\\/shop\\\/#organization\"},\"potentialAction\":[{\"@type\":\"SearchAction\",\"target\":{\"@type\":\"EntryPoint\",\"urlTemplate\":\"https:\\\/\\\/www.starcatering.at\\\/shop\\\/?s={search_term_string}\"},\"query-input\":{\"@type\":\"PropertyValueSpecification\",\"valueRequired\":true,\"valueName\":\"search_term_string\"}}],\"inLanguage\":\"de\"},{\"@type\":\"Organization\",\"@id\":\"https:\\\/\\\/www.starcatering.at\\\/shop\\\/#organization\",\"name\":\"Carnuntumfoods\",\"url\":\"https:\\\/\\\/www.starcatering.at\\\/shop\\\/\",\"logo\":{\"@type\":\"ImageObject\",\"inLanguage\":\"de\",\"@id\":\"https:\\\/\\\/www.starcatering.at\\\/shop\\\/#\\\/schema\\\/logo\\\/image\\\/\",\"url\":\"https:\\\/\\\/www.starcatering.at\\\/shop\\\/wp-content\\\/uploads\\\/2021\\\/08\\\/cropped-logo.png\",\"contentUrl\":\"https:\\\/\\\/www.starcatering.at\\\/shop\\\/wp-content\\\/uploads\\\/2021\\\/08\\\/cropped-logo.png\",\"width\":512,\"height\":512,\"caption\":\"Carnuntumfoods\"},\"image\":{\"@id\":\"https:\\\/\\\/www.starcatering.at\\\/shop\\\/#\\\/schema\\\/logo\\\/image\\\/\"}}]}<\/script>\n<!-- \/ Yoast SEO plugin. -->","yoast_head_json":{"title":"Schneckenkorn Natur Bio 1200g Packung &#187; StarCatering %-Shop","description":"Schneckenkorn Natur Bio 1200g Packung","robots":{"index":"index","follow":"follow","max-snippet":"max-snippet:-1","max-image-preview":"max-image-preview:large","max-video-preview":"max-video-preview:-1"},"canonical":"https:\/\/www.starcatering.at\/shop\/produkt\/schneckenkorn-natur-bio-1200g-packung\/","og_locale":"de_DE","og_type":"article","og_title":"Schneckenkorn Natur Bio 1200g Packung","og_description":"Schneckenkorn Natur Bio 1200g Packung","og_url":"https:\/\/www.starcatering.at\/shop\/produkt\/schneckenkorn-natur-bio-1200g-packung\/","og_site_name":"StarCatering %-Shop","article_modified_time":"2025-10-17T19:31:16+00:00","og_image":[{"width":500,"height":500,"url":"https:\/\/www.starcatering.at\/shop\/wp-content\/uploads\/2025\/10\/Schneckenkorn_Dehner.jpg","type":"image\/jpeg"}],"twitter_card":"summary_large_image","twitter_misc":{"Gesch\u00e4tzte Lesezeit":"2\u00a0Minuten"},"schema":{"@context":"https:\/\/schema.org","@graph":[{"@type":"WebPage","@id":"https:\/\/www.starcatering.at\/shop\/produkt\/schneckenkorn-natur-bio-1200g-packung\/","url":"https:\/\/www.starcatering.at\/shop\/produkt\/schneckenkorn-natur-bio-1200g-packung\/","name":"Schneckenkorn Natur Bio 1200g Packung &#187; StarCatering %-Shop","isPartOf":{"@id":"https:\/\/www.starcatering.at\/shop\/#website"},"primaryImageOfPage":{"@id":"https:\/\/www.starcatering.at\/shop\/produkt\/schneckenkorn-natur-bio-1200g-packung\/#primaryimage"},"image":{"@id":"https:\/\/www.starcatering.at\/shop\/produkt\/schneckenkorn-natur-bio-1200g-packung\/#primaryimage"},"thumbnailUrl":"https:\/\/www.starcatering.at\/shop\/wp-content\/uploads\/2025\/10\/Schneckenkorn_Dehner.jpg","datePublished":"2025-05-17T19:22:23+00:00","dateModified":"2025-10-17T19:31:16+00:00","description":"Schneckenkorn Natur Bio 1200g Packung","breadcrumb":{"@id":"https:\/\/www.starcatering.at\/shop\/produkt\/schneckenkorn-natur-bio-1200g-packung\/#breadcrumb"},"inLanguage":"de","potentialAction":[{"@type":"ReadAction","target":["https:\/\/www.starcatering.at\/shop\/produkt\/schneckenkorn-natur-bio-1200g-packung\/"]}]},{"@type":"ImageObject","inLanguage":"de","@id":"https:\/\/www.starcatering.at\/shop\/produkt\/schneckenkorn-natur-bio-1200g-packung\/#primaryimage","url":"https:\/\/www.starcatering.at\/shop\/wp-content\/uploads\/2025\/10\/Schneckenkorn_Dehner.jpg","contentUrl":"https:\/\/www.starcatering.at\/shop\/wp-content\/uploads\/2025\/10\/Schneckenkorn_Dehner.jpg","width":500,"height":500},{"@type":"BreadcrumbList","@id":"https:\/\/www.starcatering.at\/shop\/produkt\/schneckenkorn-natur-bio-1200g-packung\/#breadcrumb","itemListElement":[{"@type":"ListItem","position":1,"name":"Startseite","item":"https:\/\/www.starcatering.at\/shop\/"},{"@type":"ListItem","position":2,"name":"Shop","item":"https:\/\/www.starcatering.at\/shop\/shop\/"},{"@type":"ListItem","position":3,"name":"Schneckenkorn Natur Bio 1200g Packung"}]},{"@type":"WebSite","@id":"https:\/\/www.starcatering.at\/shop\/#website","url":"https:\/\/www.starcatering.at\/shop\/","name":"Carnuntum Foods","description":"Abverkaufsartikel","publisher":{"@id":"https:\/\/www.starcatering.at\/shop\/#organization"},"potentialAction":[{"@type":"SearchAction","target":{"@type":"EntryPoint","urlTemplate":"https:\/\/www.starcatering.at\/shop\/?s={search_term_string}"},"query-input":{"@type":"PropertyValueSpecification","valueRequired":true,"valueName":"search_term_string"}}],"inLanguage":"de"},{"@type":"Organization","@id":"https:\/\/www.starcatering.at\/shop\/#organization","name":"Carnuntumfoods","url":"https:\/\/www.starcatering.at\/shop\/","logo":{"@type":"ImageObject","inLanguage":"de","@id":"https:\/\/www.starcatering.at\/shop\/#\/schema\/logo\/image\/","url":"https:\/\/www.starcatering.at\/shop\/wp-content\/uploads\/2021\/08\/cropped-logo.png","contentUrl":"https:\/\/www.starcatering.at\/shop\/wp-content\/uploads\/2021\/08\/cropped-logo.png","width":512,"height":512,"caption":"Carnuntumfoods"},"image":{"@id":"https:\/\/www.starcatering.at\/shop\/#\/schema\/logo\/image\/"}}]}},"_links":{"self":[{"href":"https:\/\/www.starcatering.at\/shop\/wp-json\/wp\/v2\/product\/12576","targetHints":{"allow":["GET"]}}],"collection":[{"href":"https:\/\/www.starcatering.at\/shop\/wp-json\/wp\/v2\/product"}],"about":[{"href":"https:\/\/www.starcatering.at\/shop\/wp-json\/wp\/v2\/types\/product"}],"replies":[{"embeddable":true,"href":"https:\/\/www.starcatering.at\/shop\/wp-json\/wp\/v2\/comments?post=12576"}],"wp:featuredmedia":[{"embeddable":true,"href":"https:\/\/www.starcatering.at\/shop\/wp-json\/wp\/v2\/media\/12577"}],"wp:attachment":[{"href":"https:\/\/www.starcatering.at\/shop\/wp-json\/wp\/v2\/media?parent=12576"}],"wp:term":[{"taxonomy":"product_brand","embeddable":true,"href":"https:\/\/www.starcatering.at\/shop\/wp-json\/wp\/v2\/product_brand?post=12576"},{"taxonomy":"product_cat","embeddable":true,"href":"https:\/\/www.starcatering.at\/shop\/wp-json\/wp\/v2\/product_cat?post=12576"},{"taxonomy":"product_tag","embeddable":true,"href":"https:\/\/www.starcatering.at\/shop\/wp-json\/wp\/v2\/product_tag?post=12576"}],"curies":[{"name":"wp","href":"https:\/\/api.w.org\/{rel}","templated":true}]}}