{"id":12693,"date":"2026-04-25T14:28:35","date_gmt":"2026-04-25T12:28:35","guid":{"rendered":"https:\/\/www.starcatering.at\/shop\/?post_type=product&#038;p=12693"},"modified":"2026-04-25T14:35:21","modified_gmt":"2026-04-25T12:35:21","slug":"teigschaber-oetker-26cm-kunststoff-rot-neuware","status":"publish","type":"product","link":"https:\/\/www.starcatering.at\/shop\/produkt\/teigschaber-oetker-26cm-kunststoff-rot-neuware\/","title":{"rendered":"Teigschaber &#8220;oetker&#8221; 26cm Kunststoff rot (NEUWARE)"},"content":{"rendered":"<p>Der Dr. Oetker Silikon-Teigschaber Flexxibel \u00fcberzeugt durch seine hochwertige Verarbeitung und Funktionalit\u00e4t. Gefertigt aus robustem Platinsilikon, bietet er hervorragende Antihaft-Eigenschaften, die das Verarbeiten von Teigen und Cremes erleichtern.\u200bMit einer L\u00e4nge von ca. 28 cm und einer Breite von ca. 5,8 cm liegt der Teigschaber gut in der Hand und erm\u00f6glicht pr\u00e4zises Arbeiten. Die flexible Silikonfl\u00e4che passt sich optimal an Sch\u00fcssel- und Pfannenr\u00e4nder an, sodass keine Reste zur\u00fcckbleiben.\u200bDer Teigschaber ist hitzebest\u00e4ndig von -40 bis +230 Grad, fruchts\u00e4urebest\u00e4ndig und geschmacksneutral. Nach dem Gebrauch kann er einfach in der Sp\u00fclmaschine gereinigt werden, was die Handhabung besonders komfortabel macht.\u200bOb beim Backen oder Kochen \u2013 mit dem Dr. Oetker Silikon-Teigschaber Flexxibel hast du einen zuverl\u00e4ssigen und langlebigen Helfer an deiner Seite.\u200b<\/p>\n","protected":false},"excerpt":{"rendered":"<ul>\n<li>Teigschaber rot<\/li>\n<li>Kunststoff mit Metallgriff<\/li>\n<li>Gesamtl\u00e4nge: 28 cm<\/li>\n<li>Spachtelbreite: 5,8 cm<\/li>\n<li>Hitzebest\u00e4ndig von -40 bis +230 Grad<\/li>\n<li>Sp\u00fclmaschinengeeignet<\/li>\n<li>Hergestellt in Deutschland\/\u00d6sterreich<\/li>\n<\/ul>\n","protected":false},"featured_media":12695,"comment_status":"open","ping_status":"closed","template":"","meta":{"_et_pb_use_builder":"","_et_pb_old_content":"","_et_gb_content_width":""},"product_brand":[],"product_cat":[458,1373],"product_tag":[907,102,1247,1240,257,1519,2038],"class_list":{"0":"post-12693","1":"product","2":"type-product","3":"status-publish","4":"has-post-thumbnail","6":"product_cat-messer-werkzeuge","7":"product_cat-patisserie","8":"product_tag-backen","9":"product_tag-kochen","10":"product_tag-oetker","11":"product_tag-patisserie","12":"product_tag-rot","13":"product_tag-spachtel","14":"product_tag-teigschaber","16":"first","17":"instock","18":"sale","19":"taxable","20":"shipping-taxable","21":"purchasable","22":"product-type-simple"},"yoast_head":"<!-- This site is optimized with the Yoast SEO plugin v27.5 - https:\/\/yoast.com\/product\/yoast-seo-wordpress\/ -->\n<title>Teigschaber &quot;oetker&quot; 26cm Kunststoff rot (NEUWARE) &#187; StarCatering %-Shop<\/title>\n<meta name=\"description\" content=\"Teigschaber &quot;oetker&quot; 26cm Kunststoff rot (NEUWARE)\" \/>\n<meta name=\"robots\" content=\"index, follow, max-snippet:-1, max-image-preview:large, max-video-preview:-1\" \/>\n<link rel=\"canonical\" href=\"https:\/\/www.starcatering.at\/shop\/produkt\/teigschaber-oetker-26cm-kunststoff-rot-neuware\/\" \/>\n<meta property=\"og:locale\" content=\"de_DE\" \/>\n<meta property=\"og:type\" content=\"article\" \/>\n<meta property=\"og:title\" content=\"Teigschaber &quot;oetker&quot; 26cm Kunststoff rot (NEUWARE)\" \/>\n<meta property=\"og:description\" content=\"Teigschaber &quot;oetker&quot; 26cm Kunststoff rot (NEUWARE)\" \/>\n<meta property=\"og:url\" content=\"https:\/\/www.starcatering.at\/shop\/produkt\/teigschaber-oetker-26cm-kunststoff-rot-neuware\/\" \/>\n<meta property=\"og:site_name\" content=\"StarCatering %-Shop\" \/>\n<meta property=\"article:modified_time\" content=\"2026-04-25T12:35:21+00:00\" \/>\n<meta property=\"og:image\" content=\"https:\/\/www.starcatering.at\/shop\/wp-content\/uploads\/2026\/04\/Teigschaber_26cm_rot_oetker.jpg\" \/>\n\t<meta property=\"og:image:width\" content=\"500\" \/>\n\t<meta property=\"og:image:height\" content=\"500\" \/>\n\t<meta property=\"og:image:type\" content=\"image\/jpeg\" \/>\n<meta name=\"twitter:card\" content=\"summary_large_image\" \/>\n<meta name=\"twitter:title\" content=\"Teigschaber 25cm Kunststoff (NEUWARE)\" \/>\n<meta name=\"twitter:description\" content=\"Teigschaber 25cm Kunststoff (NEUWARE)\" \/>\n<meta name=\"twitter:image\" content=\"https:\/\/www.starcatering.at\/shop\/wp-content\/uploads\/2024\/04\/Teigschaber_25cm.jpg\" \/>\n<meta name=\"twitter:label1\" content=\"Gesch\u00e4tzte Lesezeit\" \/>\n\t<meta name=\"twitter:data1\" content=\"1\u00a0Minute\" \/>\n<script type=\"application\/ld+json\" class=\"yoast-schema-graph\">{\"@context\":\"https:\\\/\\\/schema.org\",\"@graph\":[{\"@type\":\"WebPage\",\"@id\":\"https:\\\/\\\/www.starcatering.at\\\/shop\\\/produkt\\\/teigschaber-oetker-26cm-kunststoff-rot-neuware\\\/\",\"url\":\"https:\\\/\\\/www.starcatering.at\\\/shop\\\/produkt\\\/teigschaber-oetker-26cm-kunststoff-rot-neuware\\\/\",\"name\":\"Teigschaber \\\"oetker\\\" 26cm Kunststoff rot (NEUWARE) &#187; StarCatering %-Shop\",\"isPartOf\":{\"@id\":\"https:\\\/\\\/www.starcatering.at\\\/shop\\\/#website\"},\"primaryImageOfPage\":{\"@id\":\"https:\\\/\\\/www.starcatering.at\\\/shop\\\/produkt\\\/teigschaber-oetker-26cm-kunststoff-rot-neuware\\\/#primaryimage\"},\"image\":{\"@id\":\"https:\\\/\\\/www.starcatering.at\\\/shop\\\/produkt\\\/teigschaber-oetker-26cm-kunststoff-rot-neuware\\\/#primaryimage\"},\"thumbnailUrl\":\"https:\\\/\\\/www.starcatering.at\\\/shop\\\/wp-content\\\/uploads\\\/2026\\\/04\\\/Teigschaber_26cm_rot_oetker.jpg\",\"datePublished\":\"2026-04-25T12:28:35+00:00\",\"dateModified\":\"2026-04-25T12:35:21+00:00\",\"description\":\"Teigschaber \\\"oetker\\\" 26cm Kunststoff rot (NEUWARE)\",\"breadcrumb\":{\"@id\":\"https:\\\/\\\/www.starcatering.at\\\/shop\\\/produkt\\\/teigschaber-oetker-26cm-kunststoff-rot-neuware\\\/#breadcrumb\"},\"inLanguage\":\"de\",\"potentialAction\":[{\"@type\":\"ReadAction\",\"target\":[\"https:\\\/\\\/www.starcatering.at\\\/shop\\\/produkt\\\/teigschaber-oetker-26cm-kunststoff-rot-neuware\\\/\"]}]},{\"@type\":\"ImageObject\",\"inLanguage\":\"de\",\"@id\":\"https:\\\/\\\/www.starcatering.at\\\/shop\\\/produkt\\\/teigschaber-oetker-26cm-kunststoff-rot-neuware\\\/#primaryimage\",\"url\":\"https:\\\/\\\/www.starcatering.at\\\/shop\\\/wp-content\\\/uploads\\\/2026\\\/04\\\/Teigschaber_26cm_rot_oetker.jpg\",\"contentUrl\":\"https:\\\/\\\/www.starcatering.at\\\/shop\\\/wp-content\\\/uploads\\\/2026\\\/04\\\/Teigschaber_26cm_rot_oetker.jpg\",\"width\":500,\"height\":500},{\"@type\":\"BreadcrumbList\",\"@id\":\"https:\\\/\\\/www.starcatering.at\\\/shop\\\/produkt\\\/teigschaber-oetker-26cm-kunststoff-rot-neuware\\\/#breadcrumb\",\"itemListElement\":[{\"@type\":\"ListItem\",\"position\":1,\"name\":\"Startseite\",\"item\":\"https:\\\/\\\/www.starcatering.at\\\/shop\\\/\"},{\"@type\":\"ListItem\",\"position\":2,\"name\":\"Shop\",\"item\":\"https:\\\/\\\/www.starcatering.at\\\/shop\\\/shop\\\/\"},{\"@type\":\"ListItem\",\"position\":3,\"name\":\"Teigschaber &#8220;oetker&#8221; 26cm Kunststoff rot (NEUWARE)\"}]},{\"@type\":\"WebSite\",\"@id\":\"https:\\\/\\\/www.starcatering.at\\\/shop\\\/#website\",\"url\":\"https:\\\/\\\/www.starcatering.at\\\/shop\\\/\",\"name\":\"Carnuntum Foods\",\"description\":\"Abverkaufsartikel\",\"publisher\":{\"@id\":\"https:\\\/\\\/www.starcatering.at\\\/shop\\\/#organization\"},\"potentialAction\":[{\"@type\":\"SearchAction\",\"target\":{\"@type\":\"EntryPoint\",\"urlTemplate\":\"https:\\\/\\\/www.starcatering.at\\\/shop\\\/?s={search_term_string}\"},\"query-input\":{\"@type\":\"PropertyValueSpecification\",\"valueRequired\":true,\"valueName\":\"search_term_string\"}}],\"inLanguage\":\"de\"},{\"@type\":\"Organization\",\"@id\":\"https:\\\/\\\/www.starcatering.at\\\/shop\\\/#organization\",\"name\":\"Carnuntumfoods\",\"url\":\"https:\\\/\\\/www.starcatering.at\\\/shop\\\/\",\"logo\":{\"@type\":\"ImageObject\",\"inLanguage\":\"de\",\"@id\":\"https:\\\/\\\/www.starcatering.at\\\/shop\\\/#\\\/schema\\\/logo\\\/image\\\/\",\"url\":\"https:\\\/\\\/www.starcatering.at\\\/shop\\\/wp-content\\\/uploads\\\/2021\\\/08\\\/cropped-logo.png\",\"contentUrl\":\"https:\\\/\\\/www.starcatering.at\\\/shop\\\/wp-content\\\/uploads\\\/2021\\\/08\\\/cropped-logo.png\",\"width\":512,\"height\":512,\"caption\":\"Carnuntumfoods\"},\"image\":{\"@id\":\"https:\\\/\\\/www.starcatering.at\\\/shop\\\/#\\\/schema\\\/logo\\\/image\\\/\"}}]}<\/script>\n<!-- \/ Yoast SEO plugin. -->","yoast_head_json":{"title":"Teigschaber \"oetker\" 26cm Kunststoff rot (NEUWARE) &#187; StarCatering %-Shop","description":"Teigschaber \"oetker\" 26cm Kunststoff rot (NEUWARE)","robots":{"index":"index","follow":"follow","max-snippet":"max-snippet:-1","max-image-preview":"max-image-preview:large","max-video-preview":"max-video-preview:-1"},"canonical":"https:\/\/www.starcatering.at\/shop\/produkt\/teigschaber-oetker-26cm-kunststoff-rot-neuware\/","og_locale":"de_DE","og_type":"article","og_title":"Teigschaber \"oetker\" 26cm Kunststoff rot (NEUWARE)","og_description":"Teigschaber \"oetker\" 26cm Kunststoff rot (NEUWARE)","og_url":"https:\/\/www.starcatering.at\/shop\/produkt\/teigschaber-oetker-26cm-kunststoff-rot-neuware\/","og_site_name":"StarCatering %-Shop","article_modified_time":"2026-04-25T12:35:21+00:00","og_image":[{"width":500,"height":500,"url":"https:\/\/www.starcatering.at\/shop\/wp-content\/uploads\/2026\/04\/Teigschaber_26cm_rot_oetker.jpg","type":"image\/jpeg"}],"twitter_card":"summary_large_image","twitter_title":"Teigschaber 25cm Kunststoff (NEUWARE)","twitter_description":"Teigschaber 25cm Kunststoff (NEUWARE)","twitter_image":"https:\/\/www.starcatering.at\/shop\/wp-content\/uploads\/2024\/04\/Teigschaber_25cm.jpg","twitter_misc":{"Gesch\u00e4tzte Lesezeit":"1\u00a0Minute"},"schema":{"@context":"https:\/\/schema.org","@graph":[{"@type":"WebPage","@id":"https:\/\/www.starcatering.at\/shop\/produkt\/teigschaber-oetker-26cm-kunststoff-rot-neuware\/","url":"https:\/\/www.starcatering.at\/shop\/produkt\/teigschaber-oetker-26cm-kunststoff-rot-neuware\/","name":"Teigschaber \"oetker\" 26cm Kunststoff rot (NEUWARE) &#187; StarCatering %-Shop","isPartOf":{"@id":"https:\/\/www.starcatering.at\/shop\/#website"},"primaryImageOfPage":{"@id":"https:\/\/www.starcatering.at\/shop\/produkt\/teigschaber-oetker-26cm-kunststoff-rot-neuware\/#primaryimage"},"image":{"@id":"https:\/\/www.starcatering.at\/shop\/produkt\/teigschaber-oetker-26cm-kunststoff-rot-neuware\/#primaryimage"},"thumbnailUrl":"https:\/\/www.starcatering.at\/shop\/wp-content\/uploads\/2026\/04\/Teigschaber_26cm_rot_oetker.jpg","datePublished":"2026-04-25T12:28:35+00:00","dateModified":"2026-04-25T12:35:21+00:00","description":"Teigschaber \"oetker\" 26cm Kunststoff rot (NEUWARE)","breadcrumb":{"@id":"https:\/\/www.starcatering.at\/shop\/produkt\/teigschaber-oetker-26cm-kunststoff-rot-neuware\/#breadcrumb"},"inLanguage":"de","potentialAction":[{"@type":"ReadAction","target":["https:\/\/www.starcatering.at\/shop\/produkt\/teigschaber-oetker-26cm-kunststoff-rot-neuware\/"]}]},{"@type":"ImageObject","inLanguage":"de","@id":"https:\/\/www.starcatering.at\/shop\/produkt\/teigschaber-oetker-26cm-kunststoff-rot-neuware\/#primaryimage","url":"https:\/\/www.starcatering.at\/shop\/wp-content\/uploads\/2026\/04\/Teigschaber_26cm_rot_oetker.jpg","contentUrl":"https:\/\/www.starcatering.at\/shop\/wp-content\/uploads\/2026\/04\/Teigschaber_26cm_rot_oetker.jpg","width":500,"height":500},{"@type":"BreadcrumbList","@id":"https:\/\/www.starcatering.at\/shop\/produkt\/teigschaber-oetker-26cm-kunststoff-rot-neuware\/#breadcrumb","itemListElement":[{"@type":"ListItem","position":1,"name":"Startseite","item":"https:\/\/www.starcatering.at\/shop\/"},{"@type":"ListItem","position":2,"name":"Shop","item":"https:\/\/www.starcatering.at\/shop\/shop\/"},{"@type":"ListItem","position":3,"name":"Teigschaber &#8220;oetker&#8221; 26cm Kunststoff rot (NEUWARE)"}]},{"@type":"WebSite","@id":"https:\/\/www.starcatering.at\/shop\/#website","url":"https:\/\/www.starcatering.at\/shop\/","name":"Carnuntum Foods","description":"Abverkaufsartikel","publisher":{"@id":"https:\/\/www.starcatering.at\/shop\/#organization"},"potentialAction":[{"@type":"SearchAction","target":{"@type":"EntryPoint","urlTemplate":"https:\/\/www.starcatering.at\/shop\/?s={search_term_string}"},"query-input":{"@type":"PropertyValueSpecification","valueRequired":true,"valueName":"search_term_string"}}],"inLanguage":"de"},{"@type":"Organization","@id":"https:\/\/www.starcatering.at\/shop\/#organization","name":"Carnuntumfoods","url":"https:\/\/www.starcatering.at\/shop\/","logo":{"@type":"ImageObject","inLanguage":"de","@id":"https:\/\/www.starcatering.at\/shop\/#\/schema\/logo\/image\/","url":"https:\/\/www.starcatering.at\/shop\/wp-content\/uploads\/2021\/08\/cropped-logo.png","contentUrl":"https:\/\/www.starcatering.at\/shop\/wp-content\/uploads\/2021\/08\/cropped-logo.png","width":512,"height":512,"caption":"Carnuntumfoods"},"image":{"@id":"https:\/\/www.starcatering.at\/shop\/#\/schema\/logo\/image\/"}}]}},"_links":{"self":[{"href":"https:\/\/www.starcatering.at\/shop\/wp-json\/wp\/v2\/product\/12693","targetHints":{"allow":["GET"]}}],"collection":[{"href":"https:\/\/www.starcatering.at\/shop\/wp-json\/wp\/v2\/product"}],"about":[{"href":"https:\/\/www.starcatering.at\/shop\/wp-json\/wp\/v2\/types\/product"}],"replies":[{"embeddable":true,"href":"https:\/\/www.starcatering.at\/shop\/wp-json\/wp\/v2\/comments?post=12693"}],"wp:featuredmedia":[{"embeddable":true,"href":"https:\/\/www.starcatering.at\/shop\/wp-json\/wp\/v2\/media\/12695"}],"wp:attachment":[{"href":"https:\/\/www.starcatering.at\/shop\/wp-json\/wp\/v2\/media?parent=12693"}],"wp:term":[{"taxonomy":"product_brand","embeddable":true,"href":"https:\/\/www.starcatering.at\/shop\/wp-json\/wp\/v2\/product_brand?post=12693"},{"taxonomy":"product_cat","embeddable":true,"href":"https:\/\/www.starcatering.at\/shop\/wp-json\/wp\/v2\/product_cat?post=12693"},{"taxonomy":"product_tag","embeddable":true,"href":"https:\/\/www.starcatering.at\/shop\/wp-json\/wp\/v2\/product_tag?post=12693"}],"curies":[{"name":"wp","href":"https:\/\/api.w.org\/{rel}","templated":true}]}}