{"id":9434,"date":"2023-03-02T12:08:04","date_gmt":"2023-03-02T11:08:04","guid":{"rendered":"https:\/\/www.starcatering.at\/shop\/?post_type=product&#038;p=9434"},"modified":"2025-03-25T13:59:55","modified_gmt":"2025-03-25T12:59:55","slug":"teller-churchill-stonecast-patina-vintage-217mm-neuware","status":"publish","type":"product","link":"https:\/\/www.starcatering.at\/shop\/produkt\/teller-churchill-stonecast-patina-vintage-217mm-neuware\/","title":{"rendered":"Teller Churchill Stonecast &#8220;Patina Vintage&#8221; 217mm (NEUWARE)"},"content":{"rendered":"<p><b>Churchill ist eine Marke, die professionelles, innovatives und leistungsstarkes Geschirr herstellt und liefert.<\/b><\/p>\n<p>Churchill nimmt Trends in der Gastronomie auf und setzt sie mit innovativen Geschirr-Designs um. Dabei legt der Produzent gro\u00dfen Wert auf eine gute Harmonie von<br \/>\nInneneinrichtung und Geschirr. Von dunkel gehaltenen T\u00f6nen f\u00fcr industrielle R\u00e4ume bis hin zu frischen, einladenden Farben f\u00fcrs Wohlf\u00fchl-Ambiente \u2013 hier finden<br \/>\nSie f\u00fcr jeden Stil die passende L\u00f6sung.<\/p>\n","protected":false},"excerpt":{"rendered":"<ul>\n<li>\u00d8 21,7 cm<\/li>\n<li>Material Porzellan<\/li>\n<li>Farbe Vintage Copper<\/li>\n<li>Ecoglaze Vollglasur inkl. B\u00f6den: Bruchfest und widerstandsf\u00e4hig<\/li>\n<li>handdekoriert, Unikate: leichte Farbabweichungen m\u00f6glich<\/li>\n<li>sp\u00fclmaschinengeeignet<\/li>\n<li>mikrowellengeeignet<\/li>\n<li><span style=\"color: #ff6600;\"><em><strong>Bitte in 6er Schritten bestellen!<\/strong><\/em><\/span><\/li>\n<\/ul>\n","protected":false},"featured_media":9436,"comment_status":"open","ping_status":"closed","template":"","meta":{"_et_pb_use_builder":"","_et_pb_old_content":"","_et_gb_content_width":""},"product_brand":[],"product_cat":[737],"product_tag":[738,1541,269,801,260],"class_list":{"0":"post-9434","1":"product","2":"type-product","3":"status-publish","4":"has-post-thumbnail","6":"product_cat-churchill","7":"product_tag-churchill","8":"product_tag-patina-vintage-copper","9":"product_tag-porzellan","10":"product_tag-rund","11":"product_tag-teller","13":"first","14":"instock","15":"sale","16":"taxable","17":"shipping-taxable","18":"purchasable","19":"product-type-simple"},"yoast_head":"<!-- This site is optimized with the Yoast SEO plugin v27.3 - https:\/\/yoast.com\/product\/yoast-seo-wordpress\/ -->\n<title>Teller Churchill Stonecast &quot;Patina Vintage&quot; 217mm (NEUWARE) &#187;<\/title>\n<meta name=\"description\" content=\"Teller Churchill Stonecast &quot;Patina Vintage&quot; 217mm (NEUWARE)\" \/>\n<meta name=\"robots\" content=\"index, follow, max-snippet:-1, max-image-preview:large, max-video-preview:-1\" \/>\n<link rel=\"canonical\" href=\"https:\/\/www.starcatering.at\/shop\/produkt\/teller-churchill-stonecast-patina-vintage-217mm-neuware\/\" \/>\n<meta property=\"og:locale\" content=\"de_DE\" \/>\n<meta property=\"og:type\" content=\"article\" \/>\n<meta property=\"og:title\" content=\"Teller Churchill Stonecast &quot;Patina Vintage&quot; 217mm (NEUWARE) &#187;\" \/>\n<meta property=\"og:description\" content=\"Teller Churchill Stonecast &quot;Patina Vintage&quot; 217mm (NEUWARE)\" \/>\n<meta property=\"og:url\" content=\"https:\/\/www.starcatering.at\/shop\/produkt\/teller-churchill-stonecast-patina-vintage-217mm-neuware\/\" \/>\n<meta property=\"og:site_name\" content=\"StarCatering %-Shop\" \/>\n<meta property=\"article:modified_time\" content=\"2025-03-25T12:59:55+00:00\" \/>\n<meta property=\"og:image\" content=\"https:\/\/www.starcatering.at\/shop\/wp-content\/uploads\/2023\/03\/CHURCHILL_Stonecast_PatinaVintageCopper2.jpg\" \/>\n\t<meta property=\"og:image:width\" content=\"500\" \/>\n\t<meta property=\"og:image:height\" content=\"500\" \/>\n\t<meta property=\"og:image:type\" content=\"image\/jpeg\" \/>\n<meta name=\"twitter:card\" content=\"summary_large_image\" \/>\n<meta name=\"twitter:label1\" content=\"Gesch\u00e4tzte Lesezeit\" \/>\n\t<meta name=\"twitter:data1\" content=\"1\u00a0Minute\" \/>\n<script type=\"application\/ld+json\" class=\"yoast-schema-graph\">{\"@context\":\"https:\\\/\\\/schema.org\",\"@graph\":[{\"@type\":\"WebPage\",\"@id\":\"https:\\\/\\\/www.starcatering.at\\\/shop\\\/produkt\\\/teller-churchill-stonecast-patina-vintage-217mm-neuware\\\/\",\"url\":\"https:\\\/\\\/www.starcatering.at\\\/shop\\\/produkt\\\/teller-churchill-stonecast-patina-vintage-217mm-neuware\\\/\",\"name\":\"Teller Churchill Stonecast \\\"Patina Vintage\\\" 217mm (NEUWARE) &#187;\",\"isPartOf\":{\"@id\":\"https:\\\/\\\/www.starcatering.at\\\/shop\\\/#website\"},\"primaryImageOfPage\":{\"@id\":\"https:\\\/\\\/www.starcatering.at\\\/shop\\\/produkt\\\/teller-churchill-stonecast-patina-vintage-217mm-neuware\\\/#primaryimage\"},\"image\":{\"@id\":\"https:\\\/\\\/www.starcatering.at\\\/shop\\\/produkt\\\/teller-churchill-stonecast-patina-vintage-217mm-neuware\\\/#primaryimage\"},\"thumbnailUrl\":\"https:\\\/\\\/www.starcatering.at\\\/shop\\\/wp-content\\\/uploads\\\/2023\\\/03\\\/CHURCHILL_Stonecast_PatinaVintageCopper2.jpg\",\"datePublished\":\"2023-03-02T11:08:04+00:00\",\"dateModified\":\"2025-03-25T12:59:55+00:00\",\"description\":\"Teller Churchill Stonecast \\\"Patina Vintage\\\" 217mm (NEUWARE)\",\"breadcrumb\":{\"@id\":\"https:\\\/\\\/www.starcatering.at\\\/shop\\\/produkt\\\/teller-churchill-stonecast-patina-vintage-217mm-neuware\\\/#breadcrumb\"},\"inLanguage\":\"de\",\"potentialAction\":[{\"@type\":\"ReadAction\",\"target\":[\"https:\\\/\\\/www.starcatering.at\\\/shop\\\/produkt\\\/teller-churchill-stonecast-patina-vintage-217mm-neuware\\\/\"]}]},{\"@type\":\"ImageObject\",\"inLanguage\":\"de\",\"@id\":\"https:\\\/\\\/www.starcatering.at\\\/shop\\\/produkt\\\/teller-churchill-stonecast-patina-vintage-217mm-neuware\\\/#primaryimage\",\"url\":\"https:\\\/\\\/www.starcatering.at\\\/shop\\\/wp-content\\\/uploads\\\/2023\\\/03\\\/CHURCHILL_Stonecast_PatinaVintageCopper2.jpg\",\"contentUrl\":\"https:\\\/\\\/www.starcatering.at\\\/shop\\\/wp-content\\\/uploads\\\/2023\\\/03\\\/CHURCHILL_Stonecast_PatinaVintageCopper2.jpg\",\"width\":500,\"height\":500},{\"@type\":\"BreadcrumbList\",\"@id\":\"https:\\\/\\\/www.starcatering.at\\\/shop\\\/produkt\\\/teller-churchill-stonecast-patina-vintage-217mm-neuware\\\/#breadcrumb\",\"itemListElement\":[{\"@type\":\"ListItem\",\"position\":1,\"name\":\"Startseite\",\"item\":\"https:\\\/\\\/www.starcatering.at\\\/shop\\\/\"},{\"@type\":\"ListItem\",\"position\":2,\"name\":\"Shop\",\"item\":\"https:\\\/\\\/www.starcatering.at\\\/shop\\\/shop\\\/\"},{\"@type\":\"ListItem\",\"position\":3,\"name\":\"Teller Churchill Stonecast &#8220;Patina Vintage&#8221; 217mm (NEUWARE)\"}]},{\"@type\":\"WebSite\",\"@id\":\"https:\\\/\\\/www.starcatering.at\\\/shop\\\/#website\",\"url\":\"https:\\\/\\\/www.starcatering.at\\\/shop\\\/\",\"name\":\"Carnuntum Foods\",\"description\":\"Abverkaufsartikel\",\"publisher\":{\"@id\":\"https:\\\/\\\/www.starcatering.at\\\/shop\\\/#organization\"},\"potentialAction\":[{\"@type\":\"SearchAction\",\"target\":{\"@type\":\"EntryPoint\",\"urlTemplate\":\"https:\\\/\\\/www.starcatering.at\\\/shop\\\/?s={search_term_string}\"},\"query-input\":{\"@type\":\"PropertyValueSpecification\",\"valueRequired\":true,\"valueName\":\"search_term_string\"}}],\"inLanguage\":\"de\"},{\"@type\":\"Organization\",\"@id\":\"https:\\\/\\\/www.starcatering.at\\\/shop\\\/#organization\",\"name\":\"Carnuntumfoods\",\"url\":\"https:\\\/\\\/www.starcatering.at\\\/shop\\\/\",\"logo\":{\"@type\":\"ImageObject\",\"inLanguage\":\"de\",\"@id\":\"https:\\\/\\\/www.starcatering.at\\\/shop\\\/#\\\/schema\\\/logo\\\/image\\\/\",\"url\":\"https:\\\/\\\/www.starcatering.at\\\/shop\\\/wp-content\\\/uploads\\\/2021\\\/08\\\/cropped-logo.png\",\"contentUrl\":\"https:\\\/\\\/www.starcatering.at\\\/shop\\\/wp-content\\\/uploads\\\/2021\\\/08\\\/cropped-logo.png\",\"width\":512,\"height\":512,\"caption\":\"Carnuntumfoods\"},\"image\":{\"@id\":\"https:\\\/\\\/www.starcatering.at\\\/shop\\\/#\\\/schema\\\/logo\\\/image\\\/\"}}]}<\/script>\n<!-- \/ Yoast SEO plugin. -->","yoast_head_json":{"title":"Teller Churchill Stonecast \"Patina Vintage\" 217mm (NEUWARE) &#187;","description":"Teller Churchill Stonecast \"Patina Vintage\" 217mm (NEUWARE)","robots":{"index":"index","follow":"follow","max-snippet":"max-snippet:-1","max-image-preview":"max-image-preview:large","max-video-preview":"max-video-preview:-1"},"canonical":"https:\/\/www.starcatering.at\/shop\/produkt\/teller-churchill-stonecast-patina-vintage-217mm-neuware\/","og_locale":"de_DE","og_type":"article","og_title":"Teller Churchill Stonecast \"Patina Vintage\" 217mm (NEUWARE) &#187;","og_description":"Teller Churchill Stonecast \"Patina Vintage\" 217mm (NEUWARE)","og_url":"https:\/\/www.starcatering.at\/shop\/produkt\/teller-churchill-stonecast-patina-vintage-217mm-neuware\/","og_site_name":"StarCatering %-Shop","article_modified_time":"2025-03-25T12:59:55+00:00","og_image":[{"width":500,"height":500,"url":"https:\/\/www.starcatering.at\/shop\/wp-content\/uploads\/2023\/03\/CHURCHILL_Stonecast_PatinaVintageCopper2.jpg","type":"image\/jpeg"}],"twitter_card":"summary_large_image","twitter_misc":{"Gesch\u00e4tzte Lesezeit":"1\u00a0Minute"},"schema":{"@context":"https:\/\/schema.org","@graph":[{"@type":"WebPage","@id":"https:\/\/www.starcatering.at\/shop\/produkt\/teller-churchill-stonecast-patina-vintage-217mm-neuware\/","url":"https:\/\/www.starcatering.at\/shop\/produkt\/teller-churchill-stonecast-patina-vintage-217mm-neuware\/","name":"Teller Churchill Stonecast \"Patina Vintage\" 217mm (NEUWARE) &#187;","isPartOf":{"@id":"https:\/\/www.starcatering.at\/shop\/#website"},"primaryImageOfPage":{"@id":"https:\/\/www.starcatering.at\/shop\/produkt\/teller-churchill-stonecast-patina-vintage-217mm-neuware\/#primaryimage"},"image":{"@id":"https:\/\/www.starcatering.at\/shop\/produkt\/teller-churchill-stonecast-patina-vintage-217mm-neuware\/#primaryimage"},"thumbnailUrl":"https:\/\/www.starcatering.at\/shop\/wp-content\/uploads\/2023\/03\/CHURCHILL_Stonecast_PatinaVintageCopper2.jpg","datePublished":"2023-03-02T11:08:04+00:00","dateModified":"2025-03-25T12:59:55+00:00","description":"Teller Churchill Stonecast \"Patina Vintage\" 217mm (NEUWARE)","breadcrumb":{"@id":"https:\/\/www.starcatering.at\/shop\/produkt\/teller-churchill-stonecast-patina-vintage-217mm-neuware\/#breadcrumb"},"inLanguage":"de","potentialAction":[{"@type":"ReadAction","target":["https:\/\/www.starcatering.at\/shop\/produkt\/teller-churchill-stonecast-patina-vintage-217mm-neuware\/"]}]},{"@type":"ImageObject","inLanguage":"de","@id":"https:\/\/www.starcatering.at\/shop\/produkt\/teller-churchill-stonecast-patina-vintage-217mm-neuware\/#primaryimage","url":"https:\/\/www.starcatering.at\/shop\/wp-content\/uploads\/2023\/03\/CHURCHILL_Stonecast_PatinaVintageCopper2.jpg","contentUrl":"https:\/\/www.starcatering.at\/shop\/wp-content\/uploads\/2023\/03\/CHURCHILL_Stonecast_PatinaVintageCopper2.jpg","width":500,"height":500},{"@type":"BreadcrumbList","@id":"https:\/\/www.starcatering.at\/shop\/produkt\/teller-churchill-stonecast-patina-vintage-217mm-neuware\/#breadcrumb","itemListElement":[{"@type":"ListItem","position":1,"name":"Startseite","item":"https:\/\/www.starcatering.at\/shop\/"},{"@type":"ListItem","position":2,"name":"Shop","item":"https:\/\/www.starcatering.at\/shop\/shop\/"},{"@type":"ListItem","position":3,"name":"Teller Churchill Stonecast &#8220;Patina Vintage&#8221; 217mm (NEUWARE)"}]},{"@type":"WebSite","@id":"https:\/\/www.starcatering.at\/shop\/#website","url":"https:\/\/www.starcatering.at\/shop\/","name":"Carnuntum Foods","description":"Abverkaufsartikel","publisher":{"@id":"https:\/\/www.starcatering.at\/shop\/#organization"},"potentialAction":[{"@type":"SearchAction","target":{"@type":"EntryPoint","urlTemplate":"https:\/\/www.starcatering.at\/shop\/?s={search_term_string}"},"query-input":{"@type":"PropertyValueSpecification","valueRequired":true,"valueName":"search_term_string"}}],"inLanguage":"de"},{"@type":"Organization","@id":"https:\/\/www.starcatering.at\/shop\/#organization","name":"Carnuntumfoods","url":"https:\/\/www.starcatering.at\/shop\/","logo":{"@type":"ImageObject","inLanguage":"de","@id":"https:\/\/www.starcatering.at\/shop\/#\/schema\/logo\/image\/","url":"https:\/\/www.starcatering.at\/shop\/wp-content\/uploads\/2021\/08\/cropped-logo.png","contentUrl":"https:\/\/www.starcatering.at\/shop\/wp-content\/uploads\/2021\/08\/cropped-logo.png","width":512,"height":512,"caption":"Carnuntumfoods"},"image":{"@id":"https:\/\/www.starcatering.at\/shop\/#\/schema\/logo\/image\/"}}]}},"_links":{"self":[{"href":"https:\/\/www.starcatering.at\/shop\/wp-json\/wp\/v2\/product\/9434","targetHints":{"allow":["GET"]}}],"collection":[{"href":"https:\/\/www.starcatering.at\/shop\/wp-json\/wp\/v2\/product"}],"about":[{"href":"https:\/\/www.starcatering.at\/shop\/wp-json\/wp\/v2\/types\/product"}],"replies":[{"embeddable":true,"href":"https:\/\/www.starcatering.at\/shop\/wp-json\/wp\/v2\/comments?post=9434"}],"wp:featuredmedia":[{"embeddable":true,"href":"https:\/\/www.starcatering.at\/shop\/wp-json\/wp\/v2\/media\/9436"}],"wp:attachment":[{"href":"https:\/\/www.starcatering.at\/shop\/wp-json\/wp\/v2\/media?parent=9434"}],"wp:term":[{"taxonomy":"product_brand","embeddable":true,"href":"https:\/\/www.starcatering.at\/shop\/wp-json\/wp\/v2\/product_brand?post=9434"},{"taxonomy":"product_cat","embeddable":true,"href":"https:\/\/www.starcatering.at\/shop\/wp-json\/wp\/v2\/product_cat?post=9434"},{"taxonomy":"product_tag","embeddable":true,"href":"https:\/\/www.starcatering.at\/shop\/wp-json\/wp\/v2\/product_tag?post=9434"}],"curies":[{"name":"wp","href":"https:\/\/api.w.org\/{rel}","templated":true}]}}