{"id":9660,"date":"2023-04-19T23:25:05","date_gmt":"2023-04-19T21:25:05","guid":{"rendered":"https:\/\/www.starcatering.at\/shop\/?post_type=product&#038;p=9660"},"modified":"2025-01-30T13:07:24","modified_gmt":"2025-01-30T12:07:24","slug":"tauchreiniger-fuer-besteck-silber-diversey-5l-kanister","status":"publish","type":"product","link":"https:\/\/www.starcatering.at\/shop\/produkt\/tauchreiniger-fuer-besteck-silber-diversey-5l-kanister\/","title":{"rendered":"Tauchreiniger f\u00fcr Besteck\/Silber Diversey 5l Kanister"},"content":{"rendered":"<p>Suma Gloss K8 ist ein fl\u00fcssiger Bestecktauchreiniger. Er beseitigt selbst hartn\u00e4ckigste Verschmutzungen auf Bestecken und Silberteilen.<\/p>\n<p>Suma Gloss K8 ist ein alkalischer Bestecktauchreiniger. Er ist besonders geeignet f\u00fcr das Vortauchen aller Arten von Bestecken, einschlie\u00dflich Silberbestecken. Durch seine sorgf\u00e4ltig ausgew\u00e4hlten Alkalikomponenten werden selbst hartn\u00e4ckige, angetrocknete Speisereste schonend entfernt. Die in Suma Gloss K8 enthaltenen wasserh\u00e4rteabbindenden Substanzen verhindern Kalkablagerungen und halten den gel\u00f6sten Schmutz in Schwebe. Suma Gloss K8 kann auch zur Reinigung angelaufener Silberbestecke und versilberter Bestecke benutzt werden. Durch den Kontakt des angelaufenen Silbers mit einer Folie aus Aluminium wird in der Suma Gloss K8 L\u00f6sung ein elektrochemischer Prozess gestartet, der die Verf\u00e4rbungen auf dem Silber schonend entfernt.<\/p>\n<ul>\n<li>Geeignet f\u00fcr Silberteile<\/li>\n<li>Unterst\u00fctzt wirkungsvoll die Entfernung angetrockneter Speisereste und St\u00e4rkeablagerungen<\/li>\n<li>Im Silbertauchbad werden Verf\u00e4rbungen auf Silber schonend entfernt<\/li>\n<li>Einfaches Handling, frei rieselndes Pulver<\/li>\n<\/ul>\n","protected":false},"excerpt":{"rendered":"<p>Suma Gloss K8 ist ein fl\u00fcssiger Bestecktauchreiniger. Er beseitigt selbst hartn\u00e4ckigste Verschmutzungen auf Bestecken und Silberteilen. Suma Gloss K8 ist ein alkalischer Bestecktauchreiniger. Er ist besonders geeignet f\u00fcr das Vortauchen aller Arten von Bestecken, einschlie\u00dflich Silberbestecken. Durch seine sorgf\u00e4ltig ausgew\u00e4hlten Alkalikomponenten werden selbst hartn\u00e4ckige, angetrocknete Speisereste schonend entfernt. Die in Suma Gloss K8 enthaltenen wasserh\u00e4rteabbindenden [&hellip;]<\/p>\n","protected":false},"featured_media":9661,"comment_status":"open","ping_status":"closed","template":"","meta":{"_et_pb_use_builder":"","_et_pb_old_content":"","_et_gb_content_width":""},"product_brand":[],"product_cat":[688],"product_tag":[309,777,774,1624],"class_list":{"0":"post-9660","1":"product","2":"type-product","3":"status-publish","4":"has-post-thumbnail","6":"product_cat-reinigung-hygiene","7":"product_tag-besteck","8":"product_tag-diversey","9":"product_tag-reinigung","10":"product_tag-tauchreiniger","12":"first","13":"instock","14":"sale","15":"taxable","16":"shipping-taxable","17":"purchasable","18":"product-type-simple"},"yoast_head":"<!-- This site is optimized with the Yoast SEO plugin v27.5 - https:\/\/yoast.com\/product\/yoast-seo-wordpress\/ -->\n<title>Tauchreiniger f\u00fcr Besteck\/Silber Diversey 5l Kanister &#187; StarCatering %-Shop<\/title>\n<meta name=\"description\" content=\"Tauchreiniger f\u00fcr Besteck\/Silber Diversey 5l Kanister\" \/>\n<meta name=\"robots\" content=\"index, follow, max-snippet:-1, max-image-preview:large, max-video-preview:-1\" \/>\n<link rel=\"canonical\" href=\"https:\/\/www.starcatering.at\/shop\/produkt\/tauchreiniger-fuer-besteck-silber-diversey-5l-kanister\/\" \/>\n<meta property=\"og:locale\" content=\"de_DE\" \/>\n<meta property=\"og:type\" content=\"article\" \/>\n<meta property=\"og:title\" content=\"Tauchreiniger f\u00fcr Besteck\/Silber Diversey 5l Kanister &#187; StarCatering %-Shop\" \/>\n<meta property=\"og:description\" content=\"Tauchreiniger f\u00fcr Besteck\/Silber Diversey 5l Kanister\" \/>\n<meta property=\"og:url\" content=\"https:\/\/www.starcatering.at\/shop\/produkt\/tauchreiniger-fuer-besteck-silber-diversey-5l-kanister\/\" \/>\n<meta property=\"og:site_name\" content=\"StarCatering %-Shop\" \/>\n<meta property=\"article:modified_time\" content=\"2025-01-30T12:07:24+00:00\" \/>\n<meta property=\"og:image\" content=\"https:\/\/www.starcatering.at\/shop\/wp-content\/uploads\/2023\/04\/Diversey-K8-Tauchreiniger.jpg\" \/>\n\t<meta property=\"og:image:width\" content=\"500\" \/>\n\t<meta property=\"og:image:height\" content=\"500\" \/>\n\t<meta property=\"og:image:type\" content=\"image\/jpeg\" \/>\n<meta name=\"twitter:card\" content=\"summary_large_image\" \/>\n<meta name=\"twitter:label1\" content=\"Gesch\u00e4tzte Lesezeit\" \/>\n\t<meta name=\"twitter:data1\" content=\"1\u00a0Minute\" \/>\n<script type=\"application\/ld+json\" class=\"yoast-schema-graph\">{\"@context\":\"https:\\\/\\\/schema.org\",\"@graph\":[{\"@type\":\"WebPage\",\"@id\":\"https:\\\/\\\/www.starcatering.at\\\/shop\\\/produkt\\\/tauchreiniger-fuer-besteck-silber-diversey-5l-kanister\\\/\",\"url\":\"https:\\\/\\\/www.starcatering.at\\\/shop\\\/produkt\\\/tauchreiniger-fuer-besteck-silber-diversey-5l-kanister\\\/\",\"name\":\"Tauchreiniger f\u00fcr Besteck\\\/Silber Diversey 5l Kanister &#187; StarCatering %-Shop\",\"isPartOf\":{\"@id\":\"https:\\\/\\\/www.starcatering.at\\\/shop\\\/#website\"},\"primaryImageOfPage\":{\"@id\":\"https:\\\/\\\/www.starcatering.at\\\/shop\\\/produkt\\\/tauchreiniger-fuer-besteck-silber-diversey-5l-kanister\\\/#primaryimage\"},\"image\":{\"@id\":\"https:\\\/\\\/www.starcatering.at\\\/shop\\\/produkt\\\/tauchreiniger-fuer-besteck-silber-diversey-5l-kanister\\\/#primaryimage\"},\"thumbnailUrl\":\"https:\\\/\\\/www.starcatering.at\\\/shop\\\/wp-content\\\/uploads\\\/2023\\\/04\\\/Diversey-K8-Tauchreiniger.jpg\",\"datePublished\":\"2023-04-19T21:25:05+00:00\",\"dateModified\":\"2025-01-30T12:07:24+00:00\",\"description\":\"Tauchreiniger f\u00fcr Besteck\\\/Silber Diversey 5l Kanister\",\"breadcrumb\":{\"@id\":\"https:\\\/\\\/www.starcatering.at\\\/shop\\\/produkt\\\/tauchreiniger-fuer-besteck-silber-diversey-5l-kanister\\\/#breadcrumb\"},\"inLanguage\":\"de\",\"potentialAction\":[{\"@type\":\"ReadAction\",\"target\":[\"https:\\\/\\\/www.starcatering.at\\\/shop\\\/produkt\\\/tauchreiniger-fuer-besteck-silber-diversey-5l-kanister\\\/\"]}]},{\"@type\":\"ImageObject\",\"inLanguage\":\"de\",\"@id\":\"https:\\\/\\\/www.starcatering.at\\\/shop\\\/produkt\\\/tauchreiniger-fuer-besteck-silber-diversey-5l-kanister\\\/#primaryimage\",\"url\":\"https:\\\/\\\/www.starcatering.at\\\/shop\\\/wp-content\\\/uploads\\\/2023\\\/04\\\/Diversey-K8-Tauchreiniger.jpg\",\"contentUrl\":\"https:\\\/\\\/www.starcatering.at\\\/shop\\\/wp-content\\\/uploads\\\/2023\\\/04\\\/Diversey-K8-Tauchreiniger.jpg\",\"width\":500,\"height\":500},{\"@type\":\"BreadcrumbList\",\"@id\":\"https:\\\/\\\/www.starcatering.at\\\/shop\\\/produkt\\\/tauchreiniger-fuer-besteck-silber-diversey-5l-kanister\\\/#breadcrumb\",\"itemListElement\":[{\"@type\":\"ListItem\",\"position\":1,\"name\":\"Startseite\",\"item\":\"https:\\\/\\\/www.starcatering.at\\\/shop\\\/\"},{\"@type\":\"ListItem\",\"position\":2,\"name\":\"Shop\",\"item\":\"https:\\\/\\\/www.starcatering.at\\\/shop\\\/shop\\\/\"},{\"@type\":\"ListItem\",\"position\":3,\"name\":\"Tauchreiniger f\u00fcr Besteck\\\/Silber Diversey 5l Kanister\"}]},{\"@type\":\"WebSite\",\"@id\":\"https:\\\/\\\/www.starcatering.at\\\/shop\\\/#website\",\"url\":\"https:\\\/\\\/www.starcatering.at\\\/shop\\\/\",\"name\":\"Carnuntum Foods\",\"description\":\"Abverkaufsartikel\",\"publisher\":{\"@id\":\"https:\\\/\\\/www.starcatering.at\\\/shop\\\/#organization\"},\"potentialAction\":[{\"@type\":\"SearchAction\",\"target\":{\"@type\":\"EntryPoint\",\"urlTemplate\":\"https:\\\/\\\/www.starcatering.at\\\/shop\\\/?s={search_term_string}\"},\"query-input\":{\"@type\":\"PropertyValueSpecification\",\"valueRequired\":true,\"valueName\":\"search_term_string\"}}],\"inLanguage\":\"de\"},{\"@type\":\"Organization\",\"@id\":\"https:\\\/\\\/www.starcatering.at\\\/shop\\\/#organization\",\"name\":\"Carnuntumfoods\",\"url\":\"https:\\\/\\\/www.starcatering.at\\\/shop\\\/\",\"logo\":{\"@type\":\"ImageObject\",\"inLanguage\":\"de\",\"@id\":\"https:\\\/\\\/www.starcatering.at\\\/shop\\\/#\\\/schema\\\/logo\\\/image\\\/\",\"url\":\"https:\\\/\\\/www.starcatering.at\\\/shop\\\/wp-content\\\/uploads\\\/2021\\\/08\\\/cropped-logo.png\",\"contentUrl\":\"https:\\\/\\\/www.starcatering.at\\\/shop\\\/wp-content\\\/uploads\\\/2021\\\/08\\\/cropped-logo.png\",\"width\":512,\"height\":512,\"caption\":\"Carnuntumfoods\"},\"image\":{\"@id\":\"https:\\\/\\\/www.starcatering.at\\\/shop\\\/#\\\/schema\\\/logo\\\/image\\\/\"}}]}<\/script>\n<!-- \/ Yoast SEO plugin. -->","yoast_head_json":{"title":"Tauchreiniger f\u00fcr Besteck\/Silber Diversey 5l Kanister &#187; StarCatering %-Shop","description":"Tauchreiniger f\u00fcr Besteck\/Silber Diversey 5l Kanister","robots":{"index":"index","follow":"follow","max-snippet":"max-snippet:-1","max-image-preview":"max-image-preview:large","max-video-preview":"max-video-preview:-1"},"canonical":"https:\/\/www.starcatering.at\/shop\/produkt\/tauchreiniger-fuer-besteck-silber-diversey-5l-kanister\/","og_locale":"de_DE","og_type":"article","og_title":"Tauchreiniger f\u00fcr Besteck\/Silber Diversey 5l Kanister &#187; StarCatering %-Shop","og_description":"Tauchreiniger f\u00fcr Besteck\/Silber Diversey 5l Kanister","og_url":"https:\/\/www.starcatering.at\/shop\/produkt\/tauchreiniger-fuer-besteck-silber-diversey-5l-kanister\/","og_site_name":"StarCatering %-Shop","article_modified_time":"2025-01-30T12:07:24+00:00","og_image":[{"width":500,"height":500,"url":"https:\/\/www.starcatering.at\/shop\/wp-content\/uploads\/2023\/04\/Diversey-K8-Tauchreiniger.jpg","type":"image\/jpeg"}],"twitter_card":"summary_large_image","twitter_misc":{"Gesch\u00e4tzte Lesezeit":"1\u00a0Minute"},"schema":{"@context":"https:\/\/schema.org","@graph":[{"@type":"WebPage","@id":"https:\/\/www.starcatering.at\/shop\/produkt\/tauchreiniger-fuer-besteck-silber-diversey-5l-kanister\/","url":"https:\/\/www.starcatering.at\/shop\/produkt\/tauchreiniger-fuer-besteck-silber-diversey-5l-kanister\/","name":"Tauchreiniger f\u00fcr Besteck\/Silber Diversey 5l Kanister &#187; StarCatering %-Shop","isPartOf":{"@id":"https:\/\/www.starcatering.at\/shop\/#website"},"primaryImageOfPage":{"@id":"https:\/\/www.starcatering.at\/shop\/produkt\/tauchreiniger-fuer-besteck-silber-diversey-5l-kanister\/#primaryimage"},"image":{"@id":"https:\/\/www.starcatering.at\/shop\/produkt\/tauchreiniger-fuer-besteck-silber-diversey-5l-kanister\/#primaryimage"},"thumbnailUrl":"https:\/\/www.starcatering.at\/shop\/wp-content\/uploads\/2023\/04\/Diversey-K8-Tauchreiniger.jpg","datePublished":"2023-04-19T21:25:05+00:00","dateModified":"2025-01-30T12:07:24+00:00","description":"Tauchreiniger f\u00fcr Besteck\/Silber Diversey 5l Kanister","breadcrumb":{"@id":"https:\/\/www.starcatering.at\/shop\/produkt\/tauchreiniger-fuer-besteck-silber-diversey-5l-kanister\/#breadcrumb"},"inLanguage":"de","potentialAction":[{"@type":"ReadAction","target":["https:\/\/www.starcatering.at\/shop\/produkt\/tauchreiniger-fuer-besteck-silber-diversey-5l-kanister\/"]}]},{"@type":"ImageObject","inLanguage":"de","@id":"https:\/\/www.starcatering.at\/shop\/produkt\/tauchreiniger-fuer-besteck-silber-diversey-5l-kanister\/#primaryimage","url":"https:\/\/www.starcatering.at\/shop\/wp-content\/uploads\/2023\/04\/Diversey-K8-Tauchreiniger.jpg","contentUrl":"https:\/\/www.starcatering.at\/shop\/wp-content\/uploads\/2023\/04\/Diversey-K8-Tauchreiniger.jpg","width":500,"height":500},{"@type":"BreadcrumbList","@id":"https:\/\/www.starcatering.at\/shop\/produkt\/tauchreiniger-fuer-besteck-silber-diversey-5l-kanister\/#breadcrumb","itemListElement":[{"@type":"ListItem","position":1,"name":"Startseite","item":"https:\/\/www.starcatering.at\/shop\/"},{"@type":"ListItem","position":2,"name":"Shop","item":"https:\/\/www.starcatering.at\/shop\/shop\/"},{"@type":"ListItem","position":3,"name":"Tauchreiniger f\u00fcr Besteck\/Silber Diversey 5l Kanister"}]},{"@type":"WebSite","@id":"https:\/\/www.starcatering.at\/shop\/#website","url":"https:\/\/www.starcatering.at\/shop\/","name":"Carnuntum Foods","description":"Abverkaufsartikel","publisher":{"@id":"https:\/\/www.starcatering.at\/shop\/#organization"},"potentialAction":[{"@type":"SearchAction","target":{"@type":"EntryPoint","urlTemplate":"https:\/\/www.starcatering.at\/shop\/?s={search_term_string}"},"query-input":{"@type":"PropertyValueSpecification","valueRequired":true,"valueName":"search_term_string"}}],"inLanguage":"de"},{"@type":"Organization","@id":"https:\/\/www.starcatering.at\/shop\/#organization","name":"Carnuntumfoods","url":"https:\/\/www.starcatering.at\/shop\/","logo":{"@type":"ImageObject","inLanguage":"de","@id":"https:\/\/www.starcatering.at\/shop\/#\/schema\/logo\/image\/","url":"https:\/\/www.starcatering.at\/shop\/wp-content\/uploads\/2021\/08\/cropped-logo.png","contentUrl":"https:\/\/www.starcatering.at\/shop\/wp-content\/uploads\/2021\/08\/cropped-logo.png","width":512,"height":512,"caption":"Carnuntumfoods"},"image":{"@id":"https:\/\/www.starcatering.at\/shop\/#\/schema\/logo\/image\/"}}]}},"_links":{"self":[{"href":"https:\/\/www.starcatering.at\/shop\/wp-json\/wp\/v2\/product\/9660","targetHints":{"allow":["GET"]}}],"collection":[{"href":"https:\/\/www.starcatering.at\/shop\/wp-json\/wp\/v2\/product"}],"about":[{"href":"https:\/\/www.starcatering.at\/shop\/wp-json\/wp\/v2\/types\/product"}],"replies":[{"embeddable":true,"href":"https:\/\/www.starcatering.at\/shop\/wp-json\/wp\/v2\/comments?post=9660"}],"wp:featuredmedia":[{"embeddable":true,"href":"https:\/\/www.starcatering.at\/shop\/wp-json\/wp\/v2\/media\/9661"}],"wp:attachment":[{"href":"https:\/\/www.starcatering.at\/shop\/wp-json\/wp\/v2\/media?parent=9660"}],"wp:term":[{"taxonomy":"product_brand","embeddable":true,"href":"https:\/\/www.starcatering.at\/shop\/wp-json\/wp\/v2\/product_brand?post=9660"},{"taxonomy":"product_cat","embeddable":true,"href":"https:\/\/www.starcatering.at\/shop\/wp-json\/wp\/v2\/product_cat?post=9660"},{"taxonomy":"product_tag","embeddable":true,"href":"https:\/\/www.starcatering.at\/shop\/wp-json\/wp\/v2\/product_tag?post=9660"}],"curies":[{"name":"wp","href":"https:\/\/api.w.org\/{rel}","templated":true}]}}