{"id":9730,"date":"2023-04-25T14:31:26","date_gmt":"2023-04-25T12:31:26","guid":{"rendered":"https:\/\/www.starcatering.at\/shop\/?post_type=product&#038;p=9730"},"modified":"2025-10-19T23:50:22","modified_gmt":"2025-10-19T21:50:22","slug":"feuerzeug-chilioel-bio-lukas-nagl-100ml","status":"publish","type":"product","link":"https:\/\/www.starcatering.at\/shop\/produkt\/feuerzeug-chilioel-bio-lukas-nagl-100ml\/","title":{"rendered":"Feuerzeug &#8211; Chili\u00f6l Bio &#8220;Lukas Nagl&#8221; 100ml"},"content":{"rendered":"<p><strong>Zutaten:<br \/>\n<\/strong><\/p>\n<p>*Sonnenblumen\u00f6l Farmgoodies, *Zwiebel-Chili-R\u00f6staromen, *Gew\u00fcrze<br \/>\n*Zutaten aus biologischer Landwirtschaft<\/p>\n","protected":false},"excerpt":{"rendered":"<p>Hand in Hand mit\u00a0Haubenkoch Lukas Nagl\u00a0haben wir sprichw\u00f6rtlich \u00d6l ins Feuer(zeug) gegossen. Weil wir genau wussten, dass dieses kulinarische Experiment funktioniert. Und dadurch ein einzigartiges Bio-Chili-\u00d6l entsteht, das ein wahres Genussfeuer entfacht.<\/p>\n<p>Am Anfang zischt es noch ordentlich. Wenn frische Bio-Jungzwiebel mit getrockneten Chilis r\u00f6sten. Und sich das feine Bio-Sonnenblumen\u00f6l der M\u00fchlviertler Farmgoodies mit verschiedenen Gew\u00fcrzen erhitzt. Aber sobald sich die einzelnen Zutaten zum Bio-Chili-\u00d6l verbinden, springt der geschmacksexplosive Funke \u00fcber. Und entz\u00fcndet das Flammenmeer der Aromen. Dessen herrlicher Duft schon in die Nase steigt, lange bevor sich das geschmackliche Lauffeuer mit seiner angenehm w\u00e4rmenden Sch\u00e4rfe im Mund ausbreitet.<\/p>\n<p><strong>Sch\u00e4rfegrad:<\/strong> 5 von 12<\/p>\n<p><em><span style=\"color: #ff6600;\">Original Artikelbeschreibung feuer-zeug.at<\/span><\/em><\/p>\n","protected":false},"featured_media":9731,"comment_status":"open","ping_status":"closed","template":"","meta":{"_et_pb_use_builder":"off","_et_pb_old_content":"<strong>Zutaten:\r\n<\/strong>*Chili (41%), *Rohrzucker, *Essig, Wasser, *Knoblauch, Salz\r\n* Zutaten aus biologischer Landwirtschaft.\r\n\r\n<strong>\u00a0<\/strong>\r\n\r\n<strong>\u00a0<\/strong>","_et_gb_content_width":""},"product_brand":[2496],"product_cat":[1082],"product_tag":[60,157,109,169,48,42],"class_list":{"0":"post-9730","1":"product","2":"type-product","3":"status-publish","4":"has-post-thumbnail","6":"product_brand-feuerzeug-chilisaucen","7":"product_cat-feuerzeug","8":"product_tag-bio","9":"product_tag-feuer-zeug","10":"product_tag-feurig","11":"product_tag-hot","12":"product_tag-ol","13":"product_tag-scharf","15":"first","16":"onbackorder","17":"featured","18":"taxable","19":"shipping-taxable","20":"purchasable","21":"product-type-simple"},"yoast_head":"<!-- This site is optimized with the Yoast SEO plugin v27.5 - https:\/\/yoast.com\/product\/yoast-seo-wordpress\/ -->\n<title>Feuerzeug - Chili\u00f6l Bio &quot;Lukas Nagl&quot; 100ml &#187; StarCatering %-Shop<\/title>\n<meta name=\"description\" content=\"Feuerzeug - Chili\u00f6l Bio &quot;Lukas Nagl&quot; 100ml\" \/>\n<meta name=\"robots\" content=\"index, follow, max-snippet:-1, max-image-preview:large, max-video-preview:-1\" \/>\n<link rel=\"canonical\" href=\"https:\/\/www.starcatering.at\/shop\/produkt\/feuerzeug-chilioel-bio-lukas-nagl-100ml\/\" \/>\n<meta property=\"og:locale\" content=\"de_DE\" \/>\n<meta property=\"og:type\" content=\"article\" \/>\n<meta property=\"og:title\" content=\"Carnuntum Foods &quot;Feuerzeug - Chilisauce &quot;Schwarzer Knoblauch&quot; 110g\" \/>\n<meta property=\"og:description\" content=\"Chilisauce Schwarzer Knoblauch - Durch diesen nat\u00fcrlichen Prozess erh\u00e4lt der Knoblauch die dunkle Farbe und das typische Aroma. Kombiniert mit frischen Chilis entfaltet sich daraus ein sensationeller s\u00fc\u00df-scharfer Geschmack.\" \/>\n<meta property=\"og:url\" content=\"https:\/\/www.starcatering.at\/shop\/produkt\/feuerzeug-chilioel-bio-lukas-nagl-100ml\/\" \/>\n<meta property=\"og:site_name\" content=\"StarCatering %-Shop\" \/>\n<meta property=\"article:modified_time\" content=\"2025-10-19T21:50:22+00:00\" \/>\n<meta property=\"og:image\" content=\"https:\/\/www.starcatering.at\/shop\/wp-content\/uploads\/2023\/01\/Feuerzeug-Knoblauch-e1674937842147.png\" \/>\n\t<meta property=\"og:image:width\" content=\"374\" \/>\n\t<meta property=\"og:image:height\" content=\"400\" \/>\n\t<meta property=\"og:image:type\" content=\"image\/png\" \/>\n<meta name=\"twitter:card\" content=\"summary_large_image\" \/>\n<meta name=\"twitter:label1\" content=\"Gesch\u00e4tzte Lesezeit\" \/>\n\t<meta name=\"twitter:data1\" content=\"1\u00a0Minute\" \/>\n<script type=\"application\/ld+json\" class=\"yoast-schema-graph\">{\"@context\":\"https:\\\/\\\/schema.org\",\"@graph\":[{\"@type\":\"WebPage\",\"@id\":\"https:\\\/\\\/www.starcatering.at\\\/shop\\\/produkt\\\/feuerzeug-chilioel-bio-lukas-nagl-100ml\\\/\",\"url\":\"https:\\\/\\\/www.starcatering.at\\\/shop\\\/produkt\\\/feuerzeug-chilioel-bio-lukas-nagl-100ml\\\/\",\"name\":\"Feuerzeug - Chili\u00f6l Bio \\\"Lukas Nagl\\\" 100ml &#187; StarCatering %-Shop\",\"isPartOf\":{\"@id\":\"https:\\\/\\\/www.starcatering.at\\\/shop\\\/#website\"},\"primaryImageOfPage\":{\"@id\":\"https:\\\/\\\/www.starcatering.at\\\/shop\\\/produkt\\\/feuerzeug-chilioel-bio-lukas-nagl-100ml\\\/#primaryimage\"},\"image\":{\"@id\":\"https:\\\/\\\/www.starcatering.at\\\/shop\\\/produkt\\\/feuerzeug-chilioel-bio-lukas-nagl-100ml\\\/#primaryimage\"},\"thumbnailUrl\":\"https:\\\/\\\/www.starcatering.at\\\/shop\\\/wp-content\\\/uploads\\\/2023\\\/04\\\/Feuerzeug-Chilioel.jpg\",\"datePublished\":\"2023-04-25T12:31:26+00:00\",\"dateModified\":\"2025-10-19T21:50:22+00:00\",\"description\":\"Feuerzeug - Chili\u00f6l Bio \\\"Lukas Nagl\\\" 100ml\",\"breadcrumb\":{\"@id\":\"https:\\\/\\\/www.starcatering.at\\\/shop\\\/produkt\\\/feuerzeug-chilioel-bio-lukas-nagl-100ml\\\/#breadcrumb\"},\"inLanguage\":\"de\",\"potentialAction\":[{\"@type\":\"ReadAction\",\"target\":[\"https:\\\/\\\/www.starcatering.at\\\/shop\\\/produkt\\\/feuerzeug-chilioel-bio-lukas-nagl-100ml\\\/\"]}]},{\"@type\":\"ImageObject\",\"inLanguage\":\"de\",\"@id\":\"https:\\\/\\\/www.starcatering.at\\\/shop\\\/produkt\\\/feuerzeug-chilioel-bio-lukas-nagl-100ml\\\/#primaryimage\",\"url\":\"https:\\\/\\\/www.starcatering.at\\\/shop\\\/wp-content\\\/uploads\\\/2023\\\/04\\\/Feuerzeug-Chilioel.jpg\",\"contentUrl\":\"https:\\\/\\\/www.starcatering.at\\\/shop\\\/wp-content\\\/uploads\\\/2023\\\/04\\\/Feuerzeug-Chilioel.jpg\",\"width\":500,\"height\":500},{\"@type\":\"BreadcrumbList\",\"@id\":\"https:\\\/\\\/www.starcatering.at\\\/shop\\\/produkt\\\/feuerzeug-chilioel-bio-lukas-nagl-100ml\\\/#breadcrumb\",\"itemListElement\":[{\"@type\":\"ListItem\",\"position\":1,\"name\":\"Startseite\",\"item\":\"https:\\\/\\\/www.starcatering.at\\\/shop\\\/\"},{\"@type\":\"ListItem\",\"position\":2,\"name\":\"Shop\",\"item\":\"https:\\\/\\\/www.starcatering.at\\\/shop\\\/shop\\\/\"},{\"@type\":\"ListItem\",\"position\":3,\"name\":\"Feuerzeug &#8211; Chili\u00f6l Bio &#8220;Lukas Nagl&#8221; 100ml\"}]},{\"@type\":\"WebSite\",\"@id\":\"https:\\\/\\\/www.starcatering.at\\\/shop\\\/#website\",\"url\":\"https:\\\/\\\/www.starcatering.at\\\/shop\\\/\",\"name\":\"Carnuntum Foods\",\"description\":\"Abverkaufsartikel\",\"publisher\":{\"@id\":\"https:\\\/\\\/www.starcatering.at\\\/shop\\\/#organization\"},\"potentialAction\":[{\"@type\":\"SearchAction\",\"target\":{\"@type\":\"EntryPoint\",\"urlTemplate\":\"https:\\\/\\\/www.starcatering.at\\\/shop\\\/?s={search_term_string}\"},\"query-input\":{\"@type\":\"PropertyValueSpecification\",\"valueRequired\":true,\"valueName\":\"search_term_string\"}}],\"inLanguage\":\"de\"},{\"@type\":\"Organization\",\"@id\":\"https:\\\/\\\/www.starcatering.at\\\/shop\\\/#organization\",\"name\":\"Carnuntumfoods\",\"url\":\"https:\\\/\\\/www.starcatering.at\\\/shop\\\/\",\"logo\":{\"@type\":\"ImageObject\",\"inLanguage\":\"de\",\"@id\":\"https:\\\/\\\/www.starcatering.at\\\/shop\\\/#\\\/schema\\\/logo\\\/image\\\/\",\"url\":\"https:\\\/\\\/www.starcatering.at\\\/shop\\\/wp-content\\\/uploads\\\/2021\\\/08\\\/cropped-logo.png\",\"contentUrl\":\"https:\\\/\\\/www.starcatering.at\\\/shop\\\/wp-content\\\/uploads\\\/2021\\\/08\\\/cropped-logo.png\",\"width\":512,\"height\":512,\"caption\":\"Carnuntumfoods\"},\"image\":{\"@id\":\"https:\\\/\\\/www.starcatering.at\\\/shop\\\/#\\\/schema\\\/logo\\\/image\\\/\"}}]}<\/script>\n<!-- \/ Yoast SEO plugin. -->","yoast_head_json":{"title":"Feuerzeug - Chili\u00f6l Bio \"Lukas Nagl\" 100ml &#187; StarCatering %-Shop","description":"Feuerzeug - Chili\u00f6l Bio \"Lukas Nagl\" 100ml","robots":{"index":"index","follow":"follow","max-snippet":"max-snippet:-1","max-image-preview":"max-image-preview:large","max-video-preview":"max-video-preview:-1"},"canonical":"https:\/\/www.starcatering.at\/shop\/produkt\/feuerzeug-chilioel-bio-lukas-nagl-100ml\/","og_locale":"de_DE","og_type":"article","og_title":"Carnuntum Foods \"Feuerzeug - Chilisauce \"Schwarzer Knoblauch\" 110g","og_description":"Chilisauce Schwarzer Knoblauch - Durch diesen nat\u00fcrlichen Prozess erh\u00e4lt der Knoblauch die dunkle Farbe und das typische Aroma. Kombiniert mit frischen Chilis entfaltet sich daraus ein sensationeller s\u00fc\u00df-scharfer Geschmack.","og_url":"https:\/\/www.starcatering.at\/shop\/produkt\/feuerzeug-chilioel-bio-lukas-nagl-100ml\/","og_site_name":"StarCatering %-Shop","article_modified_time":"2025-10-19T21:50:22+00:00","og_image":[{"width":374,"height":400,"url":"https:\/\/www.starcatering.at\/shop\/wp-content\/uploads\/2023\/01\/Feuerzeug-Knoblauch-e1674937842147.png","type":"image\/png"}],"twitter_card":"summary_large_image","twitter_misc":{"Gesch\u00e4tzte Lesezeit":"1\u00a0Minute"},"schema":{"@context":"https:\/\/schema.org","@graph":[{"@type":"WebPage","@id":"https:\/\/www.starcatering.at\/shop\/produkt\/feuerzeug-chilioel-bio-lukas-nagl-100ml\/","url":"https:\/\/www.starcatering.at\/shop\/produkt\/feuerzeug-chilioel-bio-lukas-nagl-100ml\/","name":"Feuerzeug - Chili\u00f6l Bio \"Lukas Nagl\" 100ml &#187; StarCatering %-Shop","isPartOf":{"@id":"https:\/\/www.starcatering.at\/shop\/#website"},"primaryImageOfPage":{"@id":"https:\/\/www.starcatering.at\/shop\/produkt\/feuerzeug-chilioel-bio-lukas-nagl-100ml\/#primaryimage"},"image":{"@id":"https:\/\/www.starcatering.at\/shop\/produkt\/feuerzeug-chilioel-bio-lukas-nagl-100ml\/#primaryimage"},"thumbnailUrl":"https:\/\/www.starcatering.at\/shop\/wp-content\/uploads\/2023\/04\/Feuerzeug-Chilioel.jpg","datePublished":"2023-04-25T12:31:26+00:00","dateModified":"2025-10-19T21:50:22+00:00","description":"Feuerzeug - Chili\u00f6l Bio \"Lukas Nagl\" 100ml","breadcrumb":{"@id":"https:\/\/www.starcatering.at\/shop\/produkt\/feuerzeug-chilioel-bio-lukas-nagl-100ml\/#breadcrumb"},"inLanguage":"de","potentialAction":[{"@type":"ReadAction","target":["https:\/\/www.starcatering.at\/shop\/produkt\/feuerzeug-chilioel-bio-lukas-nagl-100ml\/"]}]},{"@type":"ImageObject","inLanguage":"de","@id":"https:\/\/www.starcatering.at\/shop\/produkt\/feuerzeug-chilioel-bio-lukas-nagl-100ml\/#primaryimage","url":"https:\/\/www.starcatering.at\/shop\/wp-content\/uploads\/2023\/04\/Feuerzeug-Chilioel.jpg","contentUrl":"https:\/\/www.starcatering.at\/shop\/wp-content\/uploads\/2023\/04\/Feuerzeug-Chilioel.jpg","width":500,"height":500},{"@type":"BreadcrumbList","@id":"https:\/\/www.starcatering.at\/shop\/produkt\/feuerzeug-chilioel-bio-lukas-nagl-100ml\/#breadcrumb","itemListElement":[{"@type":"ListItem","position":1,"name":"Startseite","item":"https:\/\/www.starcatering.at\/shop\/"},{"@type":"ListItem","position":2,"name":"Shop","item":"https:\/\/www.starcatering.at\/shop\/shop\/"},{"@type":"ListItem","position":3,"name":"Feuerzeug &#8211; Chili\u00f6l Bio &#8220;Lukas Nagl&#8221; 100ml"}]},{"@type":"WebSite","@id":"https:\/\/www.starcatering.at\/shop\/#website","url":"https:\/\/www.starcatering.at\/shop\/","name":"Carnuntum Foods","description":"Abverkaufsartikel","publisher":{"@id":"https:\/\/www.starcatering.at\/shop\/#organization"},"potentialAction":[{"@type":"SearchAction","target":{"@type":"EntryPoint","urlTemplate":"https:\/\/www.starcatering.at\/shop\/?s={search_term_string}"},"query-input":{"@type":"PropertyValueSpecification","valueRequired":true,"valueName":"search_term_string"}}],"inLanguage":"de"},{"@type":"Organization","@id":"https:\/\/www.starcatering.at\/shop\/#organization","name":"Carnuntumfoods","url":"https:\/\/www.starcatering.at\/shop\/","logo":{"@type":"ImageObject","inLanguage":"de","@id":"https:\/\/www.starcatering.at\/shop\/#\/schema\/logo\/image\/","url":"https:\/\/www.starcatering.at\/shop\/wp-content\/uploads\/2021\/08\/cropped-logo.png","contentUrl":"https:\/\/www.starcatering.at\/shop\/wp-content\/uploads\/2021\/08\/cropped-logo.png","width":512,"height":512,"caption":"Carnuntumfoods"},"image":{"@id":"https:\/\/www.starcatering.at\/shop\/#\/schema\/logo\/image\/"}}]}},"_links":{"self":[{"href":"https:\/\/www.starcatering.at\/shop\/wp-json\/wp\/v2\/product\/9730","targetHints":{"allow":["GET"]}}],"collection":[{"href":"https:\/\/www.starcatering.at\/shop\/wp-json\/wp\/v2\/product"}],"about":[{"href":"https:\/\/www.starcatering.at\/shop\/wp-json\/wp\/v2\/types\/product"}],"replies":[{"embeddable":true,"href":"https:\/\/www.starcatering.at\/shop\/wp-json\/wp\/v2\/comments?post=9730"}],"wp:featuredmedia":[{"embeddable":true,"href":"https:\/\/www.starcatering.at\/shop\/wp-json\/wp\/v2\/media\/9731"}],"wp:attachment":[{"href":"https:\/\/www.starcatering.at\/shop\/wp-json\/wp\/v2\/media?parent=9730"}],"wp:term":[{"taxonomy":"product_brand","embeddable":true,"href":"https:\/\/www.starcatering.at\/shop\/wp-json\/wp\/v2\/product_brand?post=9730"},{"taxonomy":"product_cat","embeddable":true,"href":"https:\/\/www.starcatering.at\/shop\/wp-json\/wp\/v2\/product_cat?post=9730"},{"taxonomy":"product_tag","embeddable":true,"href":"https:\/\/www.starcatering.at\/shop\/wp-json\/wp\/v2\/product_tag?post=9730"}],"curies":[{"name":"wp","href":"https:\/\/api.w.org\/{rel}","templated":true}]}}